-- https://www.phpmyadmin.net/
--

START TRANSACTION;



--
-- Database: `labour_app`
--

-- --------------------------------------------------------

--
-- Table structure for table `accounts`
--

CREATE TABLE `accounts` (
  `id` bigint UNSIGNED NOT NULL,
  `parent_id` int NOT NULL,
  `name` varchar(255) COLLATE utf8mb4_unicode_ci NOT NULL,
  `deemed_positive` tinyint NOT NULL DEFAULT '1',
  `affects_gross_profit` tinyint NOT NULL DEFAULT '0',
  `sort_order` int NOT NULL,
  `default_dr_cr` enum('Dr','Cr') COLLATE utf8mb4_unicode_ci NOT NULL DEFAULT 'Dr',
  `created_at` timestamp NULL DEFAULT NULL,
  `updated_at` timestamp NULL DEFAULT NULL
) ENGINE=InnoDB DEFAULT CHARSET=utf8mb4 COLLATE=utf8mb4_unicode_ci;

--
-- Dumping data for table `accounts`
--

INSERT INTO `accounts` (`id`, `parent_id`, `name`, `deemed_positive`, `affects_gross_profit`, `sort_order`, `default_dr_cr`, `created_at`, `updated_at`) VALUES
(1, 0, 'Capital Account', 0, 0, 10, 'Cr', NULL, NULL),
(2, 0, 'Loans (Liability)', 0, 0, 20, 'Cr', NULL, NULL),
(3, 0, 'Current Liabilities', 0, 0, 30, 'Cr', NULL, NULL),
(4, 0, 'Fixed Assets', 1, 0, 40, 'Dr', NULL, NULL),
(5, 0, 'Investments', 1, 0, 50, 'Dr', NULL, NULL),
(6, 0, 'Current Assets', 1, 0, 60, 'Dr', NULL, NULL),
(7, 0, 'Branch / Divisions', 0, 0, 70, 'Dr', NULL, NULL),
(8, 0, 'Misc. Expenses (ASSET)', 1, 0, 80, 'Dr', NULL, NULL),
(9, 0, 'Suspense A/c', 0, 0, 90, 'Dr', NULL, NULL),
(10, 1, 'Reserves & Surplus', 0, 0, 100, 'Cr', NULL, NULL),
(11, 2, 'Bank OD A/c', 0, 0, 110, 'Cr', NULL, NULL),
(12, 2, 'Secured Loans', 0, 0, 120, 'Cr', NULL, NULL),
(13, 2, 'Unsecured Loans', 0, 0, 130, 'Cr', NULL, NULL),
(14, 3, 'Duties & Taxes', 0, 0, 140, 'Cr', NULL, NULL),
(15, 3, 'Provisions', 0, 0, 150, 'Cr', NULL, NULL),
(16, 3, 'Sundry Creditors', 0, 0, 160, 'Cr', NULL, NULL),
(17, 6, 'Stock-in-hand', 1, 0, 170, 'Dr', NULL, NULL),
(18, 6, 'Deposits (Asset)', 1, 0, 180, 'Dr', NULL, NULL),
(19, 6, 'Loans & Advances (Asset)', 1, 0, 190, 'Dr', NULL, NULL),
(20, 6, 'Sundry Debtors', 1, 0, 200, 'Dr', NULL, NULL),
(21, 6, 'Cash-in-hand', 1, 0, 210, 'Dr', NULL, NULL),
(22, 6, 'Bank Accounts', 1, 0, 220, 'Dr', NULL, NULL),
(23, 0, 'Sales Accounts', 0, 1, 230, 'Cr', NULL, NULL),
(24, 0, 'Purchase Accounts', 1, 1, 240, 'Dr', NULL, NULL),
(25, 0, 'Direct Incomes', 0, 1, 250, 'Cr', NULL, NULL),
(26, 0, 'Direct Expenses', 1, 1, 260, 'Dr', NULL, NULL),
(27, 0, 'Indirect Incomes', 0, 1, 270, 'Cr', NULL, NULL),
(28, 0, 'Indirect Expenses', 1, 1, 280, 'Dr', NULL, NULL),
(29, 2, 'test', 1, 0, 12, 'Cr', '2022-10-31 22:29:44', '2022-10-31 22:29:44');

-- --------------------------------------------------------

--
-- Table structure for table `cargos`
--

CREATE TABLE `cargos` (
  `id` bigint UNSIGNED NOT NULL,
  `name` varchar(255) COLLATE utf8mb4_unicode_ci DEFAULT NULL,
  `category_id` bigint UNSIGNED NOT NULL,
  `unit_id` bigint UNSIGNED NOT NULL,
  `type_id` bigint UNSIGNED NOT NULL,
  `created_at` timestamp NULL DEFAULT NULL,
  `updated_at` timestamp NULL DEFAULT NULL
) ENGINE=InnoDB DEFAULT CHARSET=utf8mb4 COLLATE=utf8mb4_unicode_ci;

--
-- Dumping data for table `cargos`
--

INSERT INTO `cargos` (`id`, `name`, `category_id`, `unit_id`, `type_id`, `created_at`, `updated_at`) VALUES
(2, 'cargo 1', 1, 17, 1, '2022-10-11 04:59:48', '2022-12-21 04:00:28'),
(3, 'cargo 2', 2, 22, 2, '2022-12-22 04:21:55', '2022-12-22 04:21:55'),
(4, 'cargo 3', 3, 30, 2, '2022-12-22 04:22:10', '2022-12-22 04:22:10'),
(5, 'cargo 4', 1, 39, 1, '2022-12-22 04:22:28', '2022-12-22 04:22:28'),
(6, 'cargo 5', 3, 20, 1, '2022-12-22 04:22:52', '2022-12-22 04:22:52'),
(7, 'Rice', 1, 39, 2, '2024-06-28 00:00:14', '2024-06-28 00:33:34'),
(8, 'prale biskut', 1, 6, 2, '2024-08-12 18:28:18', '2024-08-12 18:28:18'),
(9, 'Indian Rice', 1, 20, 2, '2024-09-28 09:49:13', '2024-09-28 09:49:13'),
(10, 'KAJU', 1, 39, 1, '2024-09-29 19:41:11', '2024-10-09 20:41:28'),
(11, 'TABLE & CHAIR', 1, 6, 1, '2025-02-24 01:13:52', '2025-02-24 01:13:52');

-- --------------------------------------------------------

--
-- Table structure for table `categories`
--

CREATE TABLE `categories` (
  `id` bigint UNSIGNED NOT NULL,
  `name` varchar(255) COLLATE utf8mb4_unicode_ci DEFAULT NULL,
  `created_at` timestamp NULL DEFAULT NULL,
  `updated_at` timestamp NULL DEFAULT NULL
) ENGINE=InnoDB DEFAULT CHARSET=utf8mb4 COLLATE=utf8mb4_unicode_ci;

--
-- Dumping data for table `categories`
--

INSERT INTO `categories` (`id`, `name`, `created_at`, `updated_at`) VALUES
(1, 'Labour', '2022-09-27 05:18:51', '2022-09-27 05:18:51'),
(2, 'Forklift', '2022-09-27 05:18:51', '2022-09-27 05:18:51'),
(3, 'Both', '2022-09-27 05:18:51', '2022-09-29 08:15:16'),
(6, 'admin cat', '2022-10-11 04:59:48', '2022-10-11 04:59:48'),
(8, 'add cat', '2022-10-15 07:45:40', '2022-10-15 07:45:40'),
(9, 'pankaj', '2024-08-12 19:23:07', '2024-08-12 19:23:07');

-- --------------------------------------------------------

--
-- Table structure for table `companies`
--

CREATE TABLE `companies` (
  `id` bigint UNSIGNED NOT NULL,
  `user_id` bigint UNSIGNED NOT NULL,
  `code` varchar(255) COLLATE utf8mb4_unicode_ci DEFAULT NULL,
  `name` varchar(255) COLLATE utf8mb4_unicode_ci DEFAULT NULL,
  `address` varchar(255) COLLATE utf8mb4_unicode_ci DEFAULT NULL,
  `city` varchar(255) COLLATE utf8mb4_unicode_ci DEFAULT NULL,
  `contact` varchar(255) COLLATE utf8mb4_unicode_ci DEFAULT NULL,
  `email` varchar(255) COLLATE utf8mb4_unicode_ci DEFAULT NULL,
  `password` varchar(255) COLLATE utf8mb4_unicode_ci DEFAULT NULL,
  `pan_no` varchar(255) COLLATE utf8mb4_unicode_ci DEFAULT NULL,
  `tan_no` varchar(255) COLLATE utf8mb4_unicode_ci DEFAULT NULL,
  `service_tax_no` varchar(255) COLLATE utf8mb4_unicode_ci DEFAULT NULL,
  `gst_no` varchar(255) COLLATE utf8mb4_unicode_ci DEFAULT NULL,
  `cha_no` varchar(255) COLLATE utf8mb4_unicode_ci DEFAULT NULL,
  `cha_license_no` varchar(255) COLLATE utf8mb4_unicode_ci DEFAULT NULL,
  `cin_no` varchar(255) COLLATE utf8mb4_unicode_ci DEFAULT NULL,
  `remarks` varchar(255) COLLATE utf8mb4_unicode_ci DEFAULT NULL,
  `uuid` varchar(255) COLLATE utf8mb4_unicode_ci DEFAULT NULL,
  `logo` varchar(255) COLLATE utf8mb4_unicode_ci DEFAULT NULL,
  `letterhead` varchar(255) COLLATE utf8mb4_unicode_ci DEFAULT NULL,
  `letterfoot` varchar(255) COLLATE utf8mb4_unicode_ci DEFAULT NULL,
  `log_userid` varchar(255) COLLATE utf8mb4_unicode_ci DEFAULT NULL,
  `log_ipaddr` varchar(255) COLLATE utf8mb4_unicode_ci DEFAULT NULL,
  `created_at` timestamp NULL DEFAULT NULL,
  `updated_at` timestamp NULL DEFAULT NULL
) ENGINE=InnoDB DEFAULT CHARSET=utf8mb4 COLLATE=utf8mb4_unicode_ci;

--
-- Dumping data for table `companies`
--

INSERT INTO `companies` (`id`, `user_id`, `code`, `name`, `address`, `city`, `contact`, `email`, `password`, `pan_no`, `tan_no`, `service_tax_no`, `gst_no`, `cha_no`, `cha_license_no`, `cin_no`, `remarks`, `uuid`, `logo`, `letterhead`, `letterfoot`, `log_userid`, `log_ipaddr`, `created_at`, `updated_at`) VALUES
(10, 63, 'l5g', 'Test Company', 'Bageshree Township-7,\r\nPlot No. 23', 'Anjar', '7698945785', 'contact@connectithub.com', '$2y$10$i5jefzBFwHtgmemWFqEwMOT1PHPayfJ20T0G1q8ztYm60CU5jTSfu', 'AANFC9287A', NULL, '3333333333', '24AANFC9287A1ZC', NULL, NULL, '3333333333', 'aaa', '3333333333', 'public/cmp_logo/Ip6EDTmPAavFhauM.png', 'aaa', 'aaa', NULL, NULL, '2025-02-21 00:17:42', '2025-02-21 00:17:42'),
(11, 64, 'M8h', 'REGAL GROUP', ',\r\nNavinal', 'Navinal', '9825528544', 'regalgroupoffice@gmail.com', '$2y$10$eTWu.MYBO2jvng7Rz9XgPe0WlH5niUqprvjColEO7ho/k6RhXHc4m', 'AJUPJ5566B', 'NA', 'OOOOO', '24AJUPJ5566B1Z2', 'NA', '000000', '0000000', 'party test id fir FEB-2025', 'OOOOOOOO', 'public/cmp_logo/fDF126KuFYiRC2rw.png', 'na', 'na', NULL, NULL, '2025-02-22 11:19:14', '2025-02-22 11:19:14');

-- --------------------------------------------------------

--
-- Table structure for table `failed_jobs`
--

CREATE TABLE `failed_jobs` (
  `id` bigint UNSIGNED NOT NULL,
  `uuid` varchar(255) COLLATE utf8mb4_unicode_ci NOT NULL,
  `connection` text COLLATE utf8mb4_unicode_ci NOT NULL,
  `queue` text COLLATE utf8mb4_unicode_ci NOT NULL,
  `payload` longtext COLLATE utf8mb4_unicode_ci NOT NULL,
  `exception` longtext COLLATE utf8mb4_unicode_ci NOT NULL,
  `failed_at` timestamp NOT NULL DEFAULT CURRENT_TIMESTAMP
) ENGINE=InnoDB DEFAULT CHARSET=utf8mb4 COLLATE=utf8mb4_unicode_ci;

-- --------------------------------------------------------

--
-- Table structure for table `gst_details`
--

CREATE TABLE `gst_details` (
  `id` bigint UNSIGNED NOT NULL,
  `dty` varchar(255) COLLATE utf8mb4_unicode_ci DEFAULT NULL COMMENT 'Tax Payer Category',
  `lgnm` varchar(255) COLLATE utf8mb4_unicode_ci DEFAULT NULL COMMENT 'Legal Name',
  `adadr` int NOT NULL COMMENT 'Count Number of ADADR in GSTIN',
  `ntr` varchar(255) COLLATE utf8mb4_unicode_ci DEFAULT NULL COMMENT 'Nature Of Business',
  `gstin` varchar(255) COLLATE utf8mb4_unicode_ci DEFAULT NULL,
  `lstupdt` date NOT NULL COMMENT 'Last Update Date',
  `rgdt` date NOT NULL COMMENT 'Registration Date',
  `pradr_bno` varchar(255) COLLATE utf8mb4_unicode_ci DEFAULT NULL,
  `pradr_flno` varchar(255) COLLATE utf8mb4_unicode_ci DEFAULT NULL,
  `pradr_bnm` varchar(255) COLLATE utf8mb4_unicode_ci DEFAULT NULL,
  `pradr_st` varchar(255) COLLATE utf8mb4_unicode_ci DEFAULT NULL,
  `pradr_loc` varchar(255) COLLATE utf8mb4_unicode_ci DEFAULT NULL,
  `pradr_dst` varchar(255) COLLATE utf8mb4_unicode_ci DEFAULT NULL,
  `pradr_stcd` varchar(255) COLLATE utf8mb4_unicode_ci DEFAULT NULL,
  `pradr_pncd` varchar(255) COLLATE utf8mb4_unicode_ci DEFAULT NULL,
  `pradr_city` varchar(255) COLLATE utf8mb4_unicode_ci DEFAULT NULL,
  `pradr_lt` varchar(255) COLLATE utf8mb4_unicode_ci DEFAULT NULL,
  `pradr_lg` varchar(255) COLLATE utf8mb4_unicode_ci DEFAULT NULL,
  `sts` varchar(255) COLLATE utf8mb4_unicode_ci DEFAULT NULL COMMENT 'Status Of GSTIN',
  `tradeNam` varchar(255) COLLATE utf8mb4_unicode_ci DEFAULT NULL,
  `company_id` int NOT NULL,
  `isDeleted` enum('Yes','No') COLLATE utf8mb4_unicode_ci NOT NULL DEFAULT 'No',
  `created_at` timestamp NULL DEFAULT NULL,
  `updated_at` timestamp NULL DEFAULT NULL
) ENGINE=InnoDB DEFAULT CHARSET=utf8mb4 COLLATE=utf8mb4_unicode_ci;

-- --------------------------------------------------------

--
-- Table structure for table `labours`
--

CREATE TABLE `labours` (
  `id` bigint UNSIGNED NOT NULL,
  `mulajim_id` bigint UNSIGNED NOT NULL,
  `name` varchar(255) COLLATE utf8mb4_unicode_ci DEFAULT NULL,
  `mobile` varchar(255) COLLATE utf8mb4_unicode_ci DEFAULT NULL,
  `email` varchar(255) COLLATE utf8mb4_unicode_ci DEFAULT NULL,
  `pan_no` varchar(255) COLLATE utf8mb4_unicode_ci DEFAULT NULL,
  `adhar_no` varchar(255) COLLATE utf8mb4_unicode_ci DEFAULT NULL,
  `latitude` varchar(255) COLLATE utf8mb4_unicode_ci DEFAULT NULL,
  `longitude` varchar(255) COLLATE utf8mb4_unicode_ci DEFAULT NULL,
  `latest_latitude` varchar(255) COLLATE utf8mb4_unicode_ci DEFAULT NULL,
  `latest_longitude` varchar(255) COLLATE utf8mb4_unicode_ci DEFAULT NULL,
  `device_token` varchar(255) COLLATE utf8mb4_unicode_ci DEFAULT NULL,
  `address` text COLLATE utf8mb4_unicode_ci,
  `district` varchar(255) COLLATE utf8mb4_unicode_ci DEFAULT NULL,
  `state` varchar(255) COLLATE utf8mb4_unicode_ci DEFAULT NULL,
  `city` varchar(255) COLLATE utf8mb4_unicode_ci DEFAULT NULL,
  `pincode` bigint DEFAULT NULL,
  `is_noti_enable` tinyint NOT NULL DEFAULT '1' COMMENT '0=disable, 1=enable',
  `status` tinyint NOT NULL DEFAULT '1' COMMENT '0=block, 1=active',
  `created_at` timestamp NULL DEFAULT NULL,
  `updated_at` timestamp NULL DEFAULT NULL
) ENGINE=InnoDB DEFAULT CHARSET=utf8mb4 COLLATE=utf8mb4_unicode_ci;

--
-- Dumping data for table `labours`
--

INSERT INTO `labours` (`id`, `mulajim_id`, `name`, `mobile`, `email`, `pan_no`, `adhar_no`, `latitude`, `longitude`, `latest_latitude`, `latest_longitude`, `device_token`, `address`, `district`, `state`, `city`, `pincode`, `is_noti_enable`, `status`, `created_at`, `updated_at`) VALUES
(89, 12, 'Labour 001', '7878787878', 'labout001@gmail.com', 'CJTPP8888L', '789456789456', '30.902225', '33.979214', '21.2347436', '72.8712769', 'merlin', 'Baroi Road', 'Kutch', 'Gujarat', 'Mundra', 370421, 1, 1, '2025-02-20 23:54:14', '2025-02-21 00:57:23'),
(90, 12, 'Labour 002', '7878787879', 'labout002@gmail.com', 'CJTPP8888L', '789456789456', '30.902225', '33.979214', '30.902225', '33.979214', NULL, 'Baroi Road', 'Kutch', 'Gujarat', 'Mundra', 370421, 1, 1, '2025-02-20 23:54:36', '2025-02-20 23:54:36'),
(91, 12, 'Labour 003', '7878787877', 'labout003@gmail.com', 'CJTPP8888L', '789456789456', '30.902225', '33.979214', '30.902225', '33.979214', NULL, 'Baroi Road', 'Kutch', 'Gujarat', 'Mundra', 370421, 1, 1, '2025-02-20 23:54:56', '2025-02-20 23:54:56'),
(92, 12, 'Labour 004', '7878787876', 'labout004@gmail.com', 'CJTPP8888L', '789456789456', '30.902225', '33.979214', '30.902225', '33.979214', NULL, 'Baroi Road', 'Kutch', 'Gujarat', 'Mundra', 370421, 1, 1, '2025-02-20 23:55:07', '2025-02-20 23:55:07'),
(93, 12, 'Labour 005', '7878787875', 'labout005@gmail.com', 'CJTPP8888L', '789456789456', '30.902225', '33.979214', '30.902225', '33.979214', NULL, 'Baroi Road', 'Kutch', 'Gujarat', 'Mundra', 370421, 1, 1, '2025-02-20 23:55:20', '2025-02-20 23:55:20'),
(94, 13, 'Pankaj', '9328819203', 'Rudraenterprise911@gmail.com', '111111111111', '11111111111111111111', '22.834965', '69.7300783', '22.8351609', '69.7292513', 'ysl', 'Mundra', 'Kachchh', 'Gujarat', 'Mundra', 370421, 1, 1, '2025-02-22 11:42:00', '2025-02-27 06:51:51'),
(95, 13, 'Raju', '9512652314', 'Vaghlegrajubha@gmail.com', 'Jbjdndi67885', '18379349359359', '22.8350183', '69.72997', '22.8350183', '69.72997', 'ysl', 'Kera', 'Bhuj', 'Kachchh', 'Gujarat', 370421, 1, 1, '2025-02-22 11:46:49', '2025-02-22 12:17:56');

-- --------------------------------------------------------

--
-- Table structure for table `ledgers`
--

CREATE TABLE `ledgers` (
  `id` bigint UNSIGNED NOT NULL,
  `account_id` bigint UNSIGNED NOT NULL,
  `company_id` bigint UNSIGNED NOT NULL,
  `code` varchar(255) COLLATE utf8mb4_unicode_ci DEFAULT NULL,
  `name` varchar(255) COLLATE utf8mb4_unicode_ci DEFAULT NULL,
  `traces_name` varchar(255) COLLATE utf8mb4_unicode_ci DEFAULT NULL,
  `trades_name` varchar(255) COLLATE utf8mb4_unicode_ci DEFAULT NULL,
  `op_bal` varchar(255) COLLATE utf8mb4_unicode_ci DEFAULT NULL,
  `address` text COLLATE utf8mb4_unicode_ci,
  `district` varchar(255) COLLATE utf8mb4_unicode_ci DEFAULT NULL,
  `state` varchar(255) COLLATE utf8mb4_unicode_ci DEFAULT NULL,
  `city` varchar(255) COLLATE utf8mb4_unicode_ci DEFAULT NULL,
  `pincode` bigint DEFAULT NULL,
  `person` varchar(255) COLLATE utf8mb4_unicode_ci DEFAULT NULL,
  `contact` varchar(255) COLLATE utf8mb4_unicode_ci DEFAULT NULL,
  `fax` varchar(255) COLLATE utf8mb4_unicode_ci DEFAULT NULL,
  `email` varchar(255) COLLATE utf8mb4_unicode_ci DEFAULT NULL,
  `pan_no` varchar(255) COLLATE utf8mb4_unicode_ci DEFAULT NULL,
  `pan_no_verified` tinyint DEFAULT NULL,
  `tan_no` varchar(255) COLLATE utf8mb4_unicode_ci DEFAULT NULL,
  `tan_no_verified` tinyint DEFAULT NULL,
  `cha_no` varchar(255) COLLATE utf8mb4_unicode_ci DEFAULT NULL,
  `service_tax_no` varchar(255) COLLATE utf8mb4_unicode_ci DEFAULT NULL,
  `gst_no` varchar(255) COLLATE utf8mb4_unicode_ci DEFAULT NULL,
  `gst_status` varchar(255) COLLATE utf8mb4_unicode_ci DEFAULT NULL,
  `tin_no` varchar(255) COLLATE utf8mb4_unicode_ci DEFAULT NULL,
  `cst_no` varchar(255) COLLATE utf8mb4_unicode_ci DEFAULT NULL,
  `remarks` varchar(255) COLLATE utf8mb4_unicode_ci DEFAULT NULL,
  `created_at` timestamp NULL DEFAULT NULL,
  `updated_at` timestamp NULL DEFAULT NULL
) ENGINE=InnoDB DEFAULT CHARSET=utf8mb4 COLLATE=utf8mb4_unicode_ci;

--
-- Dumping data for table `ledgers`
--

INSERT INTO `ledgers` (`id`, `account_id`, `company_id`, `code`, `name`, `traces_name`, `trades_name`, `op_bal`, `address`, `district`, `state`, `city`, `pincode`, `person`, `contact`, `fax`, `email`, `pan_no`, `pan_no_verified`, `tan_no`, `tan_no_verified`, `cha_no`, `service_tax_no`, `gst_no`, `gst_status`, `tin_no`, `cst_no`, `remarks`, `created_at`, `updated_at`) VALUES
(10, 23, 10, '9Lc', 'CONNECT IT HUB', 'Test Company', 'CONNECT IT HUB', '0 Dr', 'Bageshree Township-7,\r\nPlot No. 23', 'Kachchh', 'Gujarat', 'Anjar', 370110, 'Ravi', '7698945785', NULL, 'contact@connectithub.com', 'AANFC9287A', 1, NULL, 1, NULL, NULL, '24AANFC9287A1ZC', 'Active', '1111111111', NULL, 'aa', '2025-02-21 00:17:42', '2025-02-21 00:17:42'),
(11, 1, 11, 'qBK', 'Gajubha Bhimaji Jesar', 'regal group', 'Regal Group', '0 Dr', ',\r\nNavinal', 'Kachchh', 'Gujarat', 'Navinal', 370405, 'REGAL GROUP', '9825528544', NULL, 'regalgroupoffice@gmail.com', 'AJUPJ5566B', 0, 'NA', 0, 'NA', NULL, '24AJUPJ5566B1Z2', 'Active', 'na', NULL, 'test gidc party', '2025-02-22 11:19:14', '2025-02-22 11:19:14');

-- --------------------------------------------------------

--
-- Table structure for table `migrations`
--

CREATE TABLE `migrations` (
  `id` int UNSIGNED NOT NULL,
  `migration` varchar(255) COLLATE utf8mb4_unicode_ci NOT NULL,
  `batch` int NOT NULL
) ENGINE=InnoDB DEFAULT CHARSET=utf8mb4 COLLATE=utf8mb4_unicode_ci;

--
-- Dumping data for table `migrations`
--

INSERT INTO `migrations` (`id`, `migration`, `batch`) VALUES
(1, '2014_10_12_000000_create_users_table', 1),
(2, '2014_10_12_100000_create_password_resets_table', 1),
(3, '2019_08_19_000000_create_failed_jobs_table', 1),
(4, '2019_12_14_000001_create_personal_access_tokens_table', 1),
(5, '2022_09_27_102545_create_categories_table', 1),
(6, '2022_09_27_102644_create_units_table', 1),
(7, '2022_09_27_102843_create_types_table', 1),
(8, '2022_09_27_103025_create_cargos_table', 1),
(9, '2022_09_27_103517_create_accounts_table', 1),
(10, '2022_09_27_112718_create_warehouses_table', 2),
(14, '2022_09_28_095256_create_settings_table', 3),
(15, '2022_09_28_120236_create_gst_details_table', 4),
(17, '2022_09_26_095130_create_work_types_table', 5),
(26, '2022_09_27_113322_create_companies_table', 6),
(27, '2022_09_27_113323_create_ledgers_table', 6),
(29, '2022_09_27_120725_create_orders_table', 7),
(32, '2022_12_21_103909_create_mulajims_table', 8),
(33, '2022_12_22_060001_create_labours_table', 8),
(36, '2022_12_22_121708_create_mulajim_groups_table', 9),
(37, '2022_12_22_122218_create_mulajim_group_labours_table', 9),
(38, '2023_01_11_095805_create_order_containers_table', 10),
(40, '2023_01_12_115504_create_order_accepted_distances_table', 11),
(41, '2023_01_13_051215_create_notifications_table', 12),
(42, '2023_01_12_155552_create_order_accept_logs_table', 13),
(43, '2023_02_21_115407_create_terms_privacies_table', 14),
(44, '2023_03_02_135557_add_company_to_order_accept_table', 15),
(45, '2023_03_02_140349_remove_message_to_order_accepted_distances', 16),
(47, '2023_04_18_101529_add_status_to_order_containers_table', 17),
(48, '2023_04_18_125913_remove_order_id_add_order_container_id_to_order_accepted_distances_table', 18),
(49, '2023_04_18_130046_remove_order_id_add_order_container_id_to_order_accept_logs_table', 19),
(50, '2023_04_19_050716_change_status_in_orders_table', 20),
(52, '2023_04_24_060208_add_order_unique_id_to_orders_table', 21),
(53, '2023_04_24_110456_add_group_unique_id_to_mulajim_groups_table', 22),
(54, '2024_01_16_125718_create_order_mulajims_table', 23);

-- --------------------------------------------------------

--
-- Table structure for table `mulajims`
--

CREATE TABLE `mulajims` (
  `id` bigint UNSIGNED NOT NULL,
  `user_id` bigint UNSIGNED NOT NULL,
  `name` varchar(255) COLLATE utf8mb4_unicode_ci DEFAULT NULL,
  `mobile` varchar(255) COLLATE utf8mb4_unicode_ci DEFAULT NULL,
  `email` varchar(255) COLLATE utf8mb4_unicode_ci DEFAULT NULL,
  `password` varchar(255) COLLATE utf8mb4_unicode_ci DEFAULT NULL,
  `pan_no` varchar(255) COLLATE utf8mb4_unicode_ci DEFAULT NULL,
  `adhar_no` varchar(255) COLLATE utf8mb4_unicode_ci DEFAULT NULL,
  `latitude` varchar(255) COLLATE utf8mb4_unicode_ci DEFAULT NULL,
  `longitude` varchar(255) COLLATE utf8mb4_unicode_ci DEFAULT NULL,
  `latest_latitude` varchar(255) COLLATE utf8mb4_unicode_ci DEFAULT NULL,
  `latest_longitude` varchar(255) COLLATE utf8mb4_unicode_ci DEFAULT NULL,
  `device_token` varchar(255) COLLATE utf8mb4_unicode_ci DEFAULT NULL,
  `address` text COLLATE utf8mb4_unicode_ci,
  `district` varchar(255) COLLATE utf8mb4_unicode_ci DEFAULT NULL,
  `state` varchar(255) COLLATE utf8mb4_unicode_ci DEFAULT NULL,
  `city` varchar(255) COLLATE utf8mb4_unicode_ci DEFAULT NULL,
  `pincode` bigint DEFAULT NULL,
  `is_noti_enable` tinyint NOT NULL DEFAULT '1' COMMENT '0=disable, 1=enable',
  `status` tinyint NOT NULL DEFAULT '1' COMMENT '0=block, 1=active',
  `created_at` timestamp NULL DEFAULT NULL,
  `updated_at` timestamp NULL DEFAULT NULL
) ENGINE=InnoDB DEFAULT CHARSET=utf8mb4 COLLATE=utf8mb4_unicode_ci;

--
-- Dumping data for table `mulajims`
--

INSERT INTO `mulajims` (`id`, `user_id`, `name`, `mobile`, `email`, `password`, `pan_no`, `adhar_no`, `latitude`, `longitude`, `latest_latitude`, `latest_longitude`, `device_token`, `address`, `district`, `state`, `city`, `pincode`, `is_noti_enable`, `status`, `created_at`, `updated_at`) VALUES
(12, 61, 'Chetan', '8888888888', 'cpjeslot1@gmail.com', '$2y$10$QZgqGuhHITGEZCs3PpfVw.RhSVGUjRH637mva6lDhuPSW7pWTHQui', 'AAAAAAAAAA', '154878877474', '22.8396', '69.7241', '23.060578', '70.1374861', 'OPD4A1L1', 'hello', 'kutch', 'Gujarat', 'GANDHIDHAM', 382345, 1, 1, '2025-02-20 23:52:56', '2025-02-22 08:08:15'),
(13, 65, 'MULAJIM  TEAM', '9016420336', 'PANKAJKKUMAR50@GMAIL.COM', '$2y$10$Oe3TWHvGAGCuqxv3M5LSEu0KyZZ5xwz5twN2LNBx8znvs5.YQgt76', 'AJUPJ5566B', '123456789123', '22.8347561', '69.7288789', '22.839141', '69.7136134', 'ysl', 'mundra air port , mundra', 'Kachchh', 'gujarat', 'mundra', 370421, 1, 1, '2025-02-22 11:36:30', '2025-02-24 08:03:42');

-- --------------------------------------------------------

--
-- Table structure for table `mulajim_groups`
--

CREATE TABLE `mulajim_groups` (
  `id` bigint UNSIGNED NOT NULL,
  `group_unique_id` varchar(255) COLLATE utf8mb4_unicode_ci DEFAULT NULL COMMENT 'auto generated unique id for identify group',
  `user_id` bigint UNSIGNED NOT NULL,
  `mulajim_id` bigint UNSIGNED NOT NULL,
  `name` varchar(255) COLLATE utf8mb4_unicode_ci NOT NULL,
  `email` varchar(255) COLLATE utf8mb4_unicode_ci DEFAULT NULL,
  `password` varchar(255) COLLATE utf8mb4_unicode_ci DEFAULT NULL,
  `created_at` timestamp NULL DEFAULT NULL,
  `updated_at` timestamp NULL DEFAULT NULL,
  `mobile_no` varchar(45) COLLATE utf8mb4_unicode_ci DEFAULT NULL
) ENGINE=InnoDB DEFAULT CHARSET=utf8mb4 COLLATE=utf8mb4_unicode_ci;

--
-- Dumping data for table `mulajim_groups`
--

INSERT INTO `mulajim_groups` (`id`, `group_unique_id`, `user_id`, `mulajim_id`, `name`, `email`, `password`, `created_at`, `updated_at`, `mobile_no`) VALUES
(33, '1768892129', 62, 12, 'mulajim_group_1', 'mulajim_group_1@gmail.com', '$2y$10$sWjdwxCg6OxuRKYiSFx59OyO17Bz3uRgI3H74k8dyrqD.R299JSZC', '2025-02-21 00:01:01', '2025-02-21 00:01:01', NULL),
(34, '1804930477', 66, 13, 'Feb2025 test', 'Pankajkkumar60@gmail.com', '$2y$10$ij7TRIHG1Y0fNKKvbMCB5OIflSQIw6L0qmanitylYzgPJHPNzpF3S', '2025-02-22 11:48:07', '2025-02-22 11:48:07', '9328819203');

-- --------------------------------------------------------

--
-- Table structure for table `mulajim_group_labours`
--

CREATE TABLE `mulajim_group_labours` (
  `id` bigint UNSIGNED NOT NULL,
  `mulajim_group_id` bigint UNSIGNED NOT NULL,
  `labour_id` bigint UNSIGNED NOT NULL,
  `is_leader` tinyint NOT NULL DEFAULT '0' COMMENT '0=false, 1=true',
  `created_at` timestamp NULL DEFAULT NULL,
  `updated_at` timestamp NULL DEFAULT NULL
) ENGINE=InnoDB DEFAULT CHARSET=utf8mb4 COLLATE=utf8mb4_unicode_ci;

--
-- Dumping data for table `mulajim_group_labours`
--

INSERT INTO `mulajim_group_labours` (`id`, `mulajim_group_id`, `labour_id`, `is_leader`, `created_at`, `updated_at`) VALUES
(87, 33, 89, 1, '2025-02-21 00:01:01', '2025-02-21 00:01:01'),
(88, 33, 90, 0, '2025-02-21 00:01:01', '2025-02-21 00:01:01'),
(89, 34, 95, 0, '2025-02-22 11:48:07', '2025-02-22 11:48:07'),
(90, 34, 94, 1, '2025-02-22 11:48:07', '2025-02-22 11:48:07');

-- --------------------------------------------------------

--
-- Table structure for table `notifications`
--

CREATE TABLE `notifications` (
  `id` bigint UNSIGNED NOT NULL,
  `receiver_warehouse_id` bigint UNSIGNED DEFAULT NULL,
  `receiver_mulajim_id` bigint UNSIGNED DEFAULT NULL,
  `receiver_labor_id` bigint UNSIGNED DEFAULT NULL,
  `sender_id` bigint NOT NULL,
  `sender_type` tinyint DEFAULT NULL COMMENT '1=warehouse, 2=mulajim, 3=labor',
  `type` tinyint DEFAULT NULL COMMENT '1=Order added',
  `title` varchar(255) COLLATE utf8mb4_unicode_ci DEFAULT NULL,
  `message` varchar(255) COLLATE utf8mb4_unicode_ci DEFAULT NULL,
  `is_read` tinyint NOT NULL DEFAULT '0' COMMENT '0=Unread, 1=Read',
  `created_at` timestamp NULL DEFAULT NULL,
  `updated_at` timestamp NULL DEFAULT NULL
) ENGINE=InnoDB DEFAULT CHARSET=utf8mb4 COLLATE=utf8mb4_unicode_ci;

--
-- Dumping data for table `notifications`
--

INSERT INTO `notifications` (`id`, `receiver_warehouse_id`, `receiver_mulajim_id`, `receiver_labor_id`, `sender_id`, `sender_type`, `type`, `title`, `message`, `is_read`, `created_at`, `updated_at`) VALUES
(544, NULL, 12, NULL, 1, 1, 1, 'Labour Warehouse', 'Add a New order in warehouse 1', 0, '2025-02-21 00:20:05', '2025-02-21 00:20:05'),
(545, NULL, 12, NULL, 1, 1, 1, 'Labour Warehouse', 'Add a New order in warehouse 1', 0, '2025-02-21 22:40:43', '2025-02-21 22:40:43'),
(546, NULL, NULL, 89, 1, 1, 1, 'Labour Warehouse', 'Add a New order in warehouse 1', 0, '2025-02-21 22:40:43', '2025-02-21 22:40:43'),
(547, NULL, 12, NULL, 1, 1, 1, 'Labour Warehouse', 'Add a New order in warehouse 1', 0, '2025-02-23 05:45:35', '2025-02-23 05:45:35'),
(548, NULL, 13, NULL, 1, 1, 1, 'Labour Warehouse', 'Add a New order in warehouse 1', 0, '2025-02-23 05:45:35', '2025-02-23 05:45:35'),
(549, NULL, NULL, 89, 1, 1, 1, 'Labour Warehouse', 'Add a New order in warehouse 1', 0, '2025-02-23 05:45:36', '2025-02-23 05:45:36'),
(550, NULL, NULL, 95, 1, 1, 1, 'Labour Warehouse', 'Add a New order in warehouse 1', 0, '2025-02-23 05:45:36', '2025-02-23 05:45:36'),
(551, NULL, NULL, 94, 1, 1, 1, 'Labour Warehouse', 'Add a New order in warehouse 1', 0, '2025-02-23 05:45:36', '2025-02-23 05:45:36');

-- --------------------------------------------------------

--
-- Table structure for table `orders`
--

CREATE TABLE `orders` (
  `id` bigint UNSIGNED NOT NULL,
  `order_unique_id` varchar(255) COLLATE utf8mb4_unicode_ci DEFAULT NULL COMMENT 'auto generated unique id for identify order',
  `company_id` bigint UNSIGNED NOT NULL,
  `warehouse_id` bigint UNSIGNED NOT NULL,
  `title` varchar(255) COLLATE utf8mb4_unicode_ci NOT NULL,
  `description` text COLLATE utf8mb4_unicode_ci NOT NULL,
  `contact` varchar(255) COLLATE utf8mb4_unicode_ci DEFAULT NULL,
  `latitude` varchar(255) COLLATE utf8mb4_unicode_ci DEFAULT NULL,
  `longitude` varchar(255) COLLATE utf8mb4_unicode_ci DEFAULT NULL,
  `Order_type` tinyint DEFAULT NULL COMMENT '1=express order, 2=live order, 3=future order',
  `work_type_id` bigint UNSIGNED NOT NULL,
  `orderFrom` varchar(255) COLLATE utf8mb4_unicode_ci DEFAULT NULL,
  `orderTo` varchar(255) COLLATE utf8mb4_unicode_ci DEFAULT NULL,
  `total_quantity` bigint DEFAULT NULL,
  `total_size` bigint DEFAULT NULL COMMENT 'in kg',
  `distance` bigint DEFAULT NULL COMMENT 'in meter',
  `height` bigint DEFAULT NULL COMMENT 'in feet',
  `start_time` varchar(255) COLLATE utf8mb4_unicode_ci DEFAULT NULL,
  `end_time` varchar(255) COLLATE utf8mb4_unicode_ci DEFAULT NULL,
  `rate` bigint DEFAULT NULL,
  `documents` text COLLATE utf8mb4_unicode_ci,
  `payment` tinyint NOT NULL DEFAULT '0' COMMENT '0=not done, 1=done',
  `status` tinyint NOT NULL DEFAULT '0' COMMENT '0=pending, 1=in progress, 2=completed, 3=disputed',
  `status_pending` tinyint DEFAULT NULL,
  `status_accepted` tinyint DEFAULT NULL,
  `status_started` tinyint DEFAULT NULL,
  `status_in_transit` tinyint DEFAULT NULL,
  `status_review` tinyint DEFAULT NULL,
  `status_dispute` tinyint DEFAULT NULL,
  `status_hold` tinyint DEFAULT NULL,
  `status_billing` tinyint DEFAULT NULL,
  `status_payment` tinyint DEFAULT NULL,
  `status_completed` tinyint DEFAULT NULL,
  `latest_status` tinyint DEFAULT NULL,
  `created_at` timestamp NULL DEFAULT NULL,
  `updated_at` timestamp NULL DEFAULT NULL
) ENGINE=InnoDB DEFAULT CHARSET=utf8mb4 COLLATE=utf8mb4_unicode_ci;

--
-- Dumping data for table `orders`
--

INSERT INTO `orders` (`id`, `order_unique_id`, `company_id`, `warehouse_id`, `title`, `description`, `contact`, `latitude`, `longitude`, `Order_type`, `work_type_id`, `orderFrom`, `orderTo`, `total_quantity`, `total_size`, `distance`, `height`, `start_time`, `end_time`, `rate`, `documents`, `payment`, `status`, `status_pending`, `status_accepted`, `status_started`, `status_in_transit`, `status_review`, `status_dispute`, `status_hold`, `status_billing`, `status_payment`, `status_completed`, `latest_status`, `created_at`, `updated_at`) VALUES
(93, '1809220714', 10, 1, 'Rice Unloading', 'aaa', '6666666666', '22.7367883', '69.704351', 2, 1, 'ground', 'container', 175, 175000, 5, 24, '2025-02-21 12:00:00', '2025-02-24 12:00:00', 1750000, 'aaa', 0, 0, NULL, 1, 1, NULL, NULL, NULL, NULL, NULL, NULL, NULL, 1, '2025-02-21 00:20:05', '2025-02-22 04:47:53'),
(94, '1781118590', 10, 1, 'Apple', 'sell Apple Data', '8888888888', NULL, NULL, 2, 2, 'ground', 'ground', 2020, 20002, 10, 10, '2025-02-22 12:00:00', '2025-02-28 12:00:00', 32000, 'App', 0, 0, NULL, 1, 1, NULL, NULL, NULL, NULL, NULL, NULL, NULL, 1, '2025-02-21 22:40:43', '2025-02-23 05:56:34'),
(95, '1808828572', 11, 1, 'test_23_02_2025', 'feb-24 testing', '9016420336', '22.83710629999999', '69.69553429999999', 2, 1, 'ground', 'container', 83, 83000, 6, 10, '2025-02-23 16:48:00', '2025-02-24 12:00:00', 8300, 'test feb-24 by pankaj', 0, 0, NULL, 1, 1, NULL, NULL, NULL, NULL, NULL, NULL, NULL, 1, '2025-02-23 05:45:35', '2025-02-24 02:58:19');

-- --------------------------------------------------------

--
-- Table structure for table `order_accepted_distances`
--

CREATE TABLE `order_accepted_distances` (
  `id` bigint UNSIGNED NOT NULL,
  `order_container_id` bigint UNSIGNED NOT NULL,
  `user_id` bigint UNSIGNED NOT NULL COMMENT 'who accept the order',
  `distance` varchar(255) COLLATE utf8mb4_unicode_ci NOT NULL COMMENT 'user to warehouse distance(in KM)',
  `time` varchar(255) COLLATE utf8mb4_unicode_ci NOT NULL COMMENT 'time(in minute) for reach order''s warehouse',
  `mulajim_group_id` bigint UNSIGNED NOT NULL,
  `mulajim_id` bigint UNSIGNED DEFAULT NULL COMMENT 'order accept by mulajim',
  `labour_id` bigint UNSIGNED DEFAULT NULL COMMENT 'order accept by labour',
  `created_at` timestamp NULL DEFAULT NULL,
  `updated_at` timestamp NULL DEFAULT NULL
) ENGINE=InnoDB DEFAULT CHARSET=utf8mb4 COLLATE=utf8mb4_unicode_ci;

--
-- Dumping data for table `order_accepted_distances`
--

INSERT INTO `order_accepted_distances` (`id`, `order_container_id`, `user_id`, `distance`, `time`, `mulajim_group_id`, `mulajim_id`, `labour_id`, `created_at`, `updated_at`) VALUES
(105, 140, 61, '0', '50', 33, 12, NULL, '2025-02-21 23:08:00', '2025-02-21 23:08:00'),
(106, 141, 61, '0', '50', 33, 12, NULL, '2025-02-21 23:08:00', '2025-02-21 23:08:00'),
(107, 147, 61, '0', '50', 33, 12, NULL, '2025-02-22 00:52:32', '2025-02-22 00:52:32'),
(108, 146, 61, '0', '50', 33, 12, NULL, '2025-02-22 00:54:15', '2025-02-22 00:54:15'),
(109, 142, 61, '0', '50', 33, 12, NULL, '2025-02-22 04:47:20', '2025-02-22 04:47:20'),
(110, 143, 61, '0', '50', 33, 12, NULL, '2025-02-22 04:47:20', '2025-02-22 04:47:20'),
(111, 144, 61, '0', '50', 33, 12, NULL, '2025-02-22 04:47:53', '2025-02-22 04:47:53'),
(112, 149, 66, '371', '50', 34, NULL, 94, '2025-02-23 05:49:04', '2025-02-23 05:49:04'),
(113, 145, 66, '371', '50', 34, NULL, 94, '2025-02-23 05:56:34', '2025-02-23 05:56:34'),
(114, 148, 66, '371', '50', 34, NULL, 94, '2025-02-23 05:56:34', '2025-02-23 05:56:34'),
(115, 150, 66, '371', '50', 34, NULL, 94, '2025-02-23 05:59:40', '2025-02-23 05:59:40'),
(116, 151, 66, '369', '50', 34, NULL, 94, '2025-02-24 02:58:19', '2025-02-24 02:58:19');

-- --------------------------------------------------------

--
-- Table structure for table `order_accept_logs`
--

CREATE TABLE `order_accept_logs` (
  `id` bigint UNSIGNED NOT NULL,
  `order_container_id` bigint UNSIGNED NOT NULL,
  `user_id` bigint UNSIGNED NOT NULL COMMENT 'who accept the order',
  `mulajim_group_id` bigint UNSIGNED NOT NULL,
  `mulajim_id` bigint UNSIGNED DEFAULT NULL COMMENT 'order accept by mulajim',
  `labour_id` bigint UNSIGNED DEFAULT NULL COMMENT 'order accept by labour',
  `order_status` tinyint NOT NULL COMMENT 'order is which stage',
  `order_accept_time` varchar(255) COLLATE utf8mb4_unicode_ci DEFAULT NULL COMMENT 'time add when order accept by mulajim/labour',
  `order_complete_time` varchar(255) COLLATE utf8mb4_unicode_ci DEFAULT NULL COMMENT 'time add when order complete by mulajim/labour',
  `message` longtext COLLATE utf8mb4_unicode_ci,
  `company_id` bigint UNSIGNED DEFAULT NULL COMMENT 'company check complete or dispute order',
  `cmp_message` longtext COLLATE utf8mb4_unicode_ci,
  `created_at` timestamp NULL DEFAULT NULL,
  `updated_at` timestamp NULL DEFAULT NULL
) ENGINE=InnoDB DEFAULT CHARSET=utf8mb4 COLLATE=utf8mb4_unicode_ci;

--
-- Dumping data for table `order_accept_logs`
--

INSERT INTO `order_accept_logs` (`id`, `order_container_id`, `user_id`, `mulajim_group_id`, `mulajim_id`, `labour_id`, `order_status`, `order_accept_time`, `order_complete_time`, `message`, `company_id`, `cmp_message`, `created_at`, `updated_at`) VALUES
(66, 140, 61, 33, 12, NULL, 1, '2025-02-22 04:38:00', NULL, 'Your message goes here', NULL, NULL, '2025-02-21 23:08:00', '2025-02-22 00:32:42'),
(67, 141, 61, 33, 12, NULL, 1, '2025-02-22 04:38:00', NULL, NULL, NULL, NULL, '2025-02-21 23:08:00', '2025-02-21 23:08:00'),
(68, 147, 61, 33, 12, NULL, 1, '2025-02-22 06:22:32', NULL, NULL, NULL, NULL, '2025-02-22 00:52:32', '2025-02-22 00:52:32'),
(69, 146, 61, 33, 12, NULL, 1, '2025-02-22 06:24:15', NULL, 'Your message goes here', NULL, NULL, '2025-02-22 00:54:15', '2025-02-22 08:11:33'),
(70, 142, 61, 33, 12, NULL, 1, '2025-02-22 10:17:20', NULL, NULL, NULL, NULL, '2025-02-22 04:47:20', '2025-02-22 04:47:20'),
(71, 143, 61, 33, 12, NULL, 1, '2025-02-22 10:17:20', NULL, NULL, NULL, NULL, '2025-02-22 04:47:20', '2025-02-22 04:47:20'),
(72, 144, 61, 33, 12, NULL, 1, '2025-02-22 10:17:53', NULL, NULL, NULL, NULL, '2025-02-22 04:47:53', '2025-02-22 04:47:53'),
(73, 149, 66, 34, NULL, 94, 1, '2025-02-23 11:19:04', NULL, 'Your message goes here', NULL, NULL, '2025-02-23 05:49:04', '2025-02-23 05:53:09'),
(74, 145, 66, 34, NULL, 94, 1, '2025-02-23 11:26:34', NULL, NULL, NULL, NULL, '2025-02-23 05:56:34', '2025-02-23 05:56:34'),
(75, 148, 66, 34, NULL, 94, 1, '2025-02-23 11:26:34', NULL, NULL, NULL, NULL, '2025-02-23 05:56:34', '2025-02-23 05:56:34'),
(76, 150, 66, 34, NULL, 94, 1, '2025-02-23 11:29:40', NULL, 'Your message goes here', NULL, NULL, '2025-02-23 05:59:40', '2025-02-23 06:00:15'),
(77, 151, 66, 34, NULL, 94, 1, '2025-02-24 08:28:19', NULL, NULL, NULL, NULL, '2025-02-24 02:58:19', '2025-02-24 02:58:19');

-- --------------------------------------------------------

--
-- Table structure for table `order_containers`
--

CREATE TABLE `order_containers` (
  `id` bigint UNSIGNED NOT NULL,
  `order_id` bigint UNSIGNED DEFAULT NULL,
  `cargo_id` bigint UNSIGNED DEFAULT NULL,
  `quantity` bigint DEFAULT NULL,
  `size` varchar(255) COLLATE utf8mb4_unicode_ci DEFAULT NULL,
  `per_kg_price` varchar(255) COLLATE utf8mb4_unicode_ci NOT NULL COMMENT 'per Kg Price',
  `amount` bigint DEFAULT NULL,
  `status` tinyint NOT NULL DEFAULT '0' COMMENT '0=pending, 1=accepted, 2=partial completed, 3=completed, 4=disputed',
  `created_at` timestamp NULL DEFAULT NULL,
  `updated_at` timestamp NULL DEFAULT NULL
) ENGINE=InnoDB DEFAULT CHARSET=utf8mb4 COLLATE=utf8mb4_unicode_ci;

--
-- Dumping data for table `order_containers`
--

INSERT INTO `order_containers` (`id`, `order_id`, `cargo_id`, `quantity`, `size`, `per_kg_price`, `amount`, `status`, `created_at`, `updated_at`) VALUES
(140, 93, 7, 35, '35000', '10', 350000, 4, '2025-02-21 22:34:21', '2025-03-06 23:59:11'),
(141, 93, 7, 35, '35000', '10', 350000, 1, '2025-02-21 22:34:21', '2025-02-21 23:08:00'),
(142, 93, 7, 35, '35000', '10', 350000, 1, '2025-02-21 22:34:21', '2025-02-22 04:47:20'),
(143, 93, 7, 35, '35000', '10', 350000, 1, '2025-02-21 22:34:21', '2025-02-22 04:47:20'),
(144, 93, 7, 35, '35000', '10', 350000, 1, '2025-02-21 22:34:21', '2025-02-22 04:47:53'),
(145, 94, 2, 1000, '1', '1000', 1000, 1, '2025-02-21 22:40:43', '2025-02-23 05:56:34'),
(146, 94, 3, 10, '10000', '2', 20000, 2, '2025-02-21 22:40:43', '2025-02-22 08:11:33'),
(147, 94, 2, 1000, '1', '1000', 1000, 1, '2025-02-21 22:40:43', '2025-02-22 00:52:32'),
(148, 94, 3, 10, '10000', '1', 10000, 1, '2025-02-21 22:40:43', '2025-02-23 05:56:34'),
(149, 95, 7, 28, '28000', '0.10', 2800, 4, '2025-02-23 05:45:35', '2025-03-06 23:33:19'),
(150, 95, 7, 25, '25000', '0.10', 2500, 4, '2025-02-23 05:45:35', '2025-03-06 23:33:19'),
(151, 95, 7, 30, '30000', '0.10', 3000, 4, '2025-02-23 05:45:35', '2025-03-06 23:33:19');

-- --------------------------------------------------------

--
-- Table structure for table `order_log`
--

CREATE TABLE `order_log` (
  `id` int NOT NULL,
  `order_container_id` bigint NOT NULL,
  `mulajim_id` bigint DEFAULT NULL,
  `labour_id` bigint DEFAULT NULL,
  `mulajim_group_id` bigint NOT NULL,
  `order_status` tinyint NOT NULL,
  `comments` text COLLATE utf8mb4_unicode_ci,
  `created_at` timestamp NOT NULL DEFAULT CURRENT_TIMESTAMP ON UPDATE CURRENT_TIMESTAMP,
  `updated_at` timestamp NULL DEFAULT NULL
) ENGINE=InnoDB DEFAULT CHARSET=utf8mb4 COLLATE=utf8mb4_unicode_ci;

--
-- Dumping data for table `order_log`
--

INSERT INTO `order_log` (`id`, `order_container_id`, `mulajim_id`, `labour_id`, `mulajim_group_id`, `order_status`, `comments`, `created_at`, `updated_at`) VALUES
(17, 135, 12, 61, 33, 1, NULL, '2025-02-21 01:31:06', '2025-02-21 01:31:06'),
(18, 140, 12, 61, 33, 2, NULL, '2025-02-22 00:32:42', '2025-02-22 00:32:42'),
(19, 146, 12, 61, 33, 2, NULL, '2025-02-22 08:11:34', '2025-02-22 08:11:34'),
(20, 149, NULL, 66, 34, 2, NULL, '2025-02-23 05:53:09', '2025-02-23 05:53:09'),
(21, 150, NULL, 66, 34, 2, NULL, '2025-02-23 06:00:15', '2025-02-23 06:00:15'),
(22, 149, NULL, 94, 34, 2, NULL, '2025-03-06 23:11:21', '2025-03-06 23:11:21'),
(23, 150, NULL, 94, 34, 2, NULL, '2025-03-06 23:11:21', '2025-03-06 23:11:21'),
(24, 151, NULL, 94, 34, 2, NULL, '2025-03-06 23:11:21', '2025-03-06 23:11:21'),
(25, 149, NULL, 94, 34, 4, NULL, '2025-03-06 23:33:19', '2025-03-06 23:33:19'),
(26, 150, NULL, 94, 34, 4, NULL, '2025-03-06 23:33:19', '2025-03-06 23:33:19'),
(27, 151, NULL, 94, 34, 4, NULL, '2025-03-06 23:33:19', '2025-03-06 23:33:19'),
(28, 140, 12, NULL, 33, 4, NULL, '2025-03-06 23:59:11', '2025-03-06 23:59:11'),
(29, 141, 12, NULL, 33, 1, NULL, '2025-03-06 23:59:11', '2025-03-06 23:59:11'),
(30, 142, 12, NULL, 33, 1, NULL, '2025-03-06 23:59:11', '2025-03-06 23:59:11'),
(31, 143, 12, NULL, 33, 1, NULL, '2025-03-06 23:59:11', '2025-03-06 23:59:11'),
(32, 144, 12, NULL, 33, 1, NULL, '2025-03-06 23:59:11', '2025-03-06 23:59:11');

-- --------------------------------------------------------

--
-- Table structure for table `order_mulajims`
--

CREATE TABLE `order_mulajims` (
  `id` bigint UNSIGNED NOT NULL,
  `order_id` bigint UNSIGNED NOT NULL,
  `mulajim_id` bigint UNSIGNED NOT NULL,
  `created_at` timestamp NULL DEFAULT NULL,
  `updated_at` timestamp NULL DEFAULT NULL
) ENGINE=InnoDB DEFAULT CHARSET=utf8mb4 COLLATE=utf8mb4_unicode_ci;

-- --------------------------------------------------------

--
-- Table structure for table `password_resets`
--

CREATE TABLE `password_resets` (
  `email` varchar(255) COLLATE utf8mb4_unicode_ci NOT NULL,
  `token` varchar(255) COLLATE utf8mb4_unicode_ci NOT NULL,
  `created_at` timestamp NULL DEFAULT NULL
) ENGINE=InnoDB DEFAULT CHARSET=utf8mb4 COLLATE=utf8mb4_unicode_ci;

--
-- Dumping data for table `password_resets`
--

INSERT INTO `password_resets` (`email`, `token`, `created_at`) VALUES
('mulajim1@mulajim.com', '3322', '2024-06-14 01:46:10'),
('mulajim1@mulajim.com', '4573', '2024-06-21 02:54:19'),
('mulajim1@mulajim.com', '4900', '2024-06-21 07:51:52'),
('mulajim1@mulajim.com', '9236', '2024-09-10 00:35:52'),
('mulajim1@mulajim.com', '3021', '2024-09-10 06:33:56'),
('mulajim1@mulajim.com', '6845', '2024-09-10 08:13:44'),
('mulajim1@mulajim.com', '8008', '2024-09-11 03:24:01'),
('mulajim1@mulajim.com', '1590', '2024-09-13 01:02:36'),
('mulajim1@mulajim.com', '2022', '2024-09-18 05:29:47');

-- --------------------------------------------------------

--
-- Table structure for table `personal_access_tokens`
--

CREATE TABLE `personal_access_tokens` (
  `id` bigint UNSIGNED NOT NULL,
  `tokenable_type` varchar(255) COLLATE utf8mb4_unicode_ci NOT NULL,
  `tokenable_id` bigint UNSIGNED NOT NULL,
  `name` varchar(255) COLLATE utf8mb4_unicode_ci NOT NULL,
  `token` varchar(64) COLLATE utf8mb4_unicode_ci NOT NULL,
  `abilities` text COLLATE utf8mb4_unicode_ci,
  `last_used_at` timestamp NULL DEFAULT NULL,
  `expires_at` timestamp NULL DEFAULT NULL,
  `created_at` timestamp NULL DEFAULT NULL,
  `updated_at` timestamp NULL DEFAULT NULL
) ENGINE=InnoDB DEFAULT CHARSET=utf8mb4 COLLATE=utf8mb4_unicode_ci;

--
-- Dumping data for table `personal_access_tokens`
--

INSERT INTO `personal_access_tokens` (`id`, `tokenable_type`, `tokenable_id`, `name`, `token`, `abilities`, `last_used_at`, `expires_at`, `created_at`, `updated_at`) VALUES
(5, 'App\\Models\\User', 11, 'laborwarehouse', '4369915b36b108d7c0b01b8a11db6ad124d13de61b6be4a51864b1b99d77b41b', '[\"*\"]', NULL, NULL, '2022-12-22 08:03:01', '2022-12-22 08:03:01'),
(8, 'App\\Models\\User', 11, 'laborwarehouse', 'dd8d5eedef58faa7165d0636cbee7cf637fb7b08a76a36f9c199ab5f123861d6', '[\"*\"]', '2023-01-12 07:58:31', NULL, '2023-01-12 07:45:45', '2023-01-12 07:58:31'),
(9, 'App\\Models\\User', 11, 'laborwarehouse', 'a349cd8b49565963c906fa9b8af961e968e466a5d66428970a1b5216fae14129', '[\"*\"]', '2023-01-17 07:38:22', NULL, '2023-01-16 01:22:35', '2023-01-17 07:38:22'),
(95, 'App\\Models\\User', 12, 'laborwarehouse', '6ccf30cc0ae2a97d7110b6c92df8d1b5ea53ea258427fc375e72a88c45506372', '[\"*\"]', NULL, NULL, '2024-06-14 01:06:10', '2024-06-14 01:06:10'),
(130, 'App\\Models\\User', 12, 'laborwarehouse', '96af7108972ea75ebc740fd8de7dccd080e66d9c7c6e5dffebc92963e7e010b7', '[\"*\"]', NULL, NULL, '2024-06-21 07:26:00', '2024-06-21 07:26:00'),
(135, 'App\\Models\\User', 12, 'laborwarehouse', 'fdc8dd0348e1ac68481ae60553afc97a509a431fbd2a7fbaeaddaa95d389cc8e', '[\"*\"]', NULL, NULL, '2024-06-24 03:58:50', '2024-06-24 03:58:50'),
(136, 'App\\Models\\User', 12, 'laborwarehouse', '772b823d2479dfae7fc7adeee1998350e0655b07554bf08ecc96f0c2cda8147d', '[\"*\"]', '2024-06-24 06:29:18', NULL, '2024-06-24 03:58:58', '2024-06-24 06:29:18'),
(137, 'App\\Models\\User', 12, 'laborwarehouse', 'f8865c0669dfd0e373b957910f119f7b7e1574fe468d3b3c87f45c21e34b303f', '[\"*\"]', '2024-06-24 04:09:57', NULL, '2024-06-24 04:09:05', '2024-06-24 04:09:57'),
(139, 'App\\Models\\User', 12, 'laborwarehouse', '3d68cace4650f75b377c6a56897a84698ed0ce91eafd0ae8e5c816768697cfb2', '[\"*\"]', '2024-06-24 08:00:03', NULL, '2024-06-24 07:50:58', '2024-06-24 08:00:03'),
(140, 'App\\Models\\User', 12, 'laborwarehouse', '57d01097c3370b4bd12abd575ecb3d424816c92c33c067f246a70fd564f816db', '[\"*\"]', NULL, NULL, '2024-06-24 07:53:51', '2024-06-24 07:53:51'),
(141, 'App\\Models\\User', 12, 'laborwarehouse', 'd47d02301b85dc4f059e3bd993aade48be833286f966e7eaf2fd0c25e3f307dc', '[\"*\"]', NULL, NULL, '2024-06-24 07:54:52', '2024-06-24 07:54:52'),
(142, 'App\\Models\\User', 12, 'laborwarehouse', '0a2c53fa362e8bfc9c923531174d976e7abbd6c9231600a38687cd7aabd63705', '[\"*\"]', NULL, NULL, '2024-06-24 07:59:47', '2024-06-24 07:59:47'),
(144, 'App\\Models\\User', 18, 'laborwarehouse', 'bc096543cae6c18c5393c5516fc60b76571364027e68f3b39006179e68ef8295', '[\"*\"]', '2024-06-24 08:24:38', NULL, '2024-06-24 08:09:26', '2024-06-24 08:24:38'),
(145, 'App\\Models\\User', 18, 'laborwarehouse', '83fbb5aeb151e9f3d024b42ec19f4938d30dfad03b0223529b624d903e809182', '[\"*\"]', NULL, NULL, '2024-06-24 08:24:54', '2024-06-24 08:24:54'),
(148, 'App\\Models\\User', 18, 'laborwarehouse', '02709045f393dfbaca353f2ffc531f31fb7f295216cb421028f6b3a8d8baa457', '[\"*\"]', NULL, NULL, '2024-06-24 09:01:13', '2024-06-24 09:01:13'),
(149, 'App\\Models\\User', 18, 'laborwarehouse', '261d9d2ceb22ad16cb6b7e5a69898a654525db6f68e8cdde99307eca45c9f609', '[\"*\"]', '2024-06-24 09:46:23', NULL, '2024-06-24 09:25:49', '2024-06-24 09:46:23'),
(159, 'App\\Models\\User', 18, 'laborwarehouse', '541a4c54cdea5ebac3533c7eb2f38ffc9e47e8a9698808ae446c2ee2881808e8', '[\"*\"]', NULL, NULL, '2024-07-09 03:12:26', '2024-07-09 03:12:26'),
(160, 'App\\Models\\User', 18, 'laborwarehouse', '0cf334102b0eec2da0d1a14bf1822ee90627dabac6adc889ac1574caab7f5066', '[\"*\"]', NULL, NULL, '2024-07-09 03:17:31', '2024-07-09 03:17:31'),
(161, 'App\\Models\\User', 18, 'laborwarehouse', '92a1d720241378a1bfabe6fc6919c6c5519c14e71fef873f22663d62cae3efab', '[\"*\"]', NULL, NULL, '2024-07-09 05:30:13', '2024-07-09 05:30:13'),
(162, 'App\\Models\\User', 18, 'laborwarehouse', '318b3699500456c1772a6dcb8f285cbf3154e2004ee7191c7a967898ba708a70', '[\"*\"]', NULL, NULL, '2024-07-09 07:40:35', '2024-07-09 07:40:35'),
(163, 'App\\Models\\User', 18, 'laborwarehouse', 'c107eb7eb75e98efa596d4821dbadaf664293ea8e2200db184ec99f6112ec3bb', '[\"*\"]', NULL, NULL, '2024-07-09 07:41:08', '2024-07-09 07:41:08'),
(164, 'App\\Models\\User', 18, 'laborwarehouse', '6e98e62319898937ff0219c2c5e1596f46f2250675cc756b52f909810e1a9706', '[\"*\"]', NULL, NULL, '2024-07-09 07:41:33', '2024-07-09 07:41:33'),
(165, 'App\\Models\\User', 18, 'laborwarehouse', '5b2ad158ea016d6bcf8ea1edaa267ba00994c98d7ce0f5a241b31cb002499212', '[\"*\"]', NULL, NULL, '2024-07-09 07:42:13', '2024-07-09 07:42:13'),
(166, 'App\\Models\\User', 18, 'laborwarehouse', '70af8b87c93f191cf5a9ac1fea2af3b83a5a5318b5990be2a02523b57d4826f2', '[\"*\"]', NULL, NULL, '2024-07-10 00:18:02', '2024-07-10 00:18:02'),
(167, 'App\\Models\\User', 18, 'laborwarehouse', 'b877659f505014815fc3adbd25caaa213763c2188d73a2d5a2757f27877196c5', '[\"*\"]', NULL, NULL, '2024-07-10 00:23:06', '2024-07-10 00:23:06'),
(168, 'App\\Models\\User', 18, 'laborwarehouse', '75544c8d8b128b2c43e509de24121aa7635b169862c100797073c52f34360f58', '[\"*\"]', NULL, NULL, '2024-07-10 00:42:39', '2024-07-10 00:42:39'),
(169, 'App\\Models\\User', 18, 'laborwarehouse', '5bcf2bbd2ef1f6c68c65bf7cd0269beca6730a1235c4d3d0e8236c2ecb3eaa78', '[\"*\"]', NULL, NULL, '2024-07-10 01:15:50', '2024-07-10 01:15:50'),
(170, 'App\\Models\\User', 18, 'laborwarehouse', '37c2c83f955703477e8091c187b68a0649366da624d8550e887303b6bb34044e', '[\"*\"]', NULL, NULL, '2024-07-10 01:16:12', '2024-07-10 01:16:12'),
(171, 'App\\Models\\User', 18, 'laborwarehouse', '02186f0ba53ef58b013e745b61932fbd34fc56ec57eadb6a02a5124e42ee361a', '[\"*\"]', NULL, NULL, '2024-07-10 01:16:45', '2024-07-10 01:16:45'),
(172, 'App\\Models\\User', 18, 'laborwarehouse', '35e61df265cd2671a99cece9eb8269a36b95f3fd7c9e5187d81bd4119ea2fcd2', '[\"*\"]', NULL, NULL, '2024-07-10 01:28:47', '2024-07-10 01:28:47'),
(173, 'App\\Models\\User', 18, 'laborwarehouse', '3c656d47060b2d34b917ce619aa1a1bb51ed924971a17e2a67c903ee3765fe99', '[\"*\"]', NULL, NULL, '2024-07-10 01:37:05', '2024-07-10 01:37:05'),
(174, 'App\\Models\\User', 18, 'laborwarehouse', '681c53f26e9e16734574f20723e2ae2722e8fd440368a9b94de7affb591fa048', '[\"*\"]', NULL, NULL, '2024-07-10 01:49:14', '2024-07-10 01:49:14'),
(175, 'App\\Models\\User', 18, 'laborwarehouse', '79318ca5f843f8584b865836759c44010d84ee1002a7560b00d3de676fa01d2f', '[\"*\"]', NULL, NULL, '2024-07-10 23:40:33', '2024-07-10 23:40:33'),
(176, 'App\\Models\\User', 18, 'laborwarehouse', 'e598e1f1c6415a19c16a4ae6fce4eeb608e5760f07ede729968e231477a21ff5', '[\"*\"]', NULL, NULL, '2024-07-10 23:44:20', '2024-07-10 23:44:20'),
(177, 'App\\Models\\User', 18, 'laborwarehouse', 'fcc807c712e2cb4828ee73ae8994f8ca6b06bb212b248bea4890220857d870ef', '[\"*\"]', NULL, NULL, '2024-07-10 23:53:28', '2024-07-10 23:53:28'),
(178, 'App\\Models\\User', 18, 'laborwarehouse', 'df13a3c644a676344310993152ab815d053d0be2e18f798c9a81369714b62c8c', '[\"*\"]', NULL, NULL, '2024-07-11 00:03:39', '2024-07-11 00:03:39'),
(179, 'App\\Models\\User', 18, 'laborwarehouse', 'fe2b6d3127cfe74f623d1d5e18918e3988a4d5572e511144c1f6801de1ee8bd0', '[\"*\"]', NULL, NULL, '2024-07-11 00:08:15', '2024-07-11 00:08:15'),
(180, 'App\\Models\\User', 18, 'laborwarehouse', 'cfad310b7e774756dc93addb5442a685630ccfd27d186e9731ac6f2350832467', '[\"*\"]', NULL, NULL, '2024-07-11 00:12:29', '2024-07-11 00:12:29'),
(181, 'App\\Models\\User', 18, 'laborwarehouse', '5e20a5a923bfd6f50f77c796ff829ba0be65c47bcc5bae6932a1ebe1f54db07a', '[\"*\"]', NULL, NULL, '2024-07-11 00:12:53', '2024-07-11 00:12:53'),
(182, 'App\\Models\\User', 18, 'laborwarehouse', '4910dfb00a77d1f58a5382fd88736705c1bfe0a6e95177f4e05ae91782272aae', '[\"*\"]', NULL, NULL, '2024-07-11 00:15:46', '2024-07-11 00:15:46'),
(183, 'App\\Models\\User', 18, 'laborwarehouse', '89e93ecdcbccba6a5b9e9a047edd5a4ae3caa3df20b746f353c25a7de65c77e8', '[\"*\"]', NULL, NULL, '2024-07-11 00:16:33', '2024-07-11 00:16:33'),
(184, 'App\\Models\\User', 18, 'laborwarehouse', '44e9d581d16cb85c43f9dc7c166808eee104a277cfe1bf37d75bbf682ce5fec2', '[\"*\"]', NULL, NULL, '2024-07-11 00:16:59', '2024-07-11 00:16:59'),
(185, 'App\\Models\\User', 18, 'laborwarehouse', 'a5011ea668fbc24c55b97af4cdf2b0e445df6bc0f6e597857527c40441ee6cb7', '[\"*\"]', NULL, NULL, '2024-07-11 00:49:43', '2024-07-11 00:49:43'),
(186, 'App\\Models\\User', 18, 'laborwarehouse', 'cad25e03d0d58f5771a5bdbfd40b9df5006928fb19e888505e9ff6f5705f4917', '[\"*\"]', NULL, NULL, '2024-07-11 03:24:20', '2024-07-11 03:24:20'),
(187, 'App\\Models\\User', 18, 'laborwarehouse', 'b835af9f486f0c5e8dddd9fdde5dbe884a9499004a35f56f4eaa82cf304436d1', '[\"*\"]', NULL, NULL, '2024-07-11 03:49:20', '2024-07-11 03:49:20'),
(188, 'App\\Models\\User', 18, 'laborwarehouse', '450f02376e3d927014052b789f7fb581541f405bcf4fb355497cd3ef953347bb', '[\"*\"]', NULL, NULL, '2024-07-11 04:05:56', '2024-07-11 04:05:56'),
(189, 'App\\Models\\User', 18, 'laborwarehouse', '026e99619c9061a0040cd0f074bb59f4b0acccb71d26ac9ec90f49886c15596e', '[\"*\"]', NULL, NULL, '2024-07-11 04:12:21', '2024-07-11 04:12:21'),
(190, 'App\\Models\\User', 18, 'laborwarehouse', '50408c188a2e888a81fbdd290b770fa3181b0730be26ec1d2881cedef3b38597', '[\"*\"]', NULL, NULL, '2024-07-12 00:44:37', '2024-07-12 00:44:37'),
(191, 'App\\Models\\User', 18, 'laborwarehouse', '0031c3110d83f75f0846876b58325458e3fb5ceec45276876f9aa706051d7e63', '[\"*\"]', NULL, NULL, '2024-07-12 01:07:33', '2024-07-12 01:07:33'),
(192, 'App\\Models\\User', 18, 'laborwarehouse', '0301454c5d76a614c031c5f2de7b454da7f4c2a80f037cbadde4be9f941d7507', '[\"*\"]', NULL, NULL, '2024-07-12 01:07:34', '2024-07-12 01:07:34'),
(193, 'App\\Models\\User', 18, 'laborwarehouse', '705a439ace73d370d7ee69cf6a1d0cf7bde977f5fdfe6be07f25c408be336e59', '[\"*\"]', NULL, NULL, '2024-07-12 01:09:21', '2024-07-12 01:09:21'),
(194, 'App\\Models\\User', 18, 'laborwarehouse', '90c5fc52ea7acf2286d4de909afc49cfb0e464bb36e9999299f9c098d0ae9c27', '[\"*\"]', NULL, NULL, '2024-07-12 01:11:24', '2024-07-12 01:11:24'),
(195, 'App\\Models\\User', 18, 'laborwarehouse', 'e711fc0a685d25d03d3315d1d0e47dfe7901deb5c8883a451f0097e32f9e64cd', '[\"*\"]', NULL, NULL, '2024-07-12 01:11:55', '2024-07-12 01:11:55'),
(196, 'App\\Models\\User', 18, 'laborwarehouse', '49f8a255552f7e3d27ba57defaba351c67fc7f779cd4d726fac3996ee7093c03', '[\"*\"]', NULL, NULL, '2024-07-12 05:53:31', '2024-07-12 05:53:31'),
(197, 'App\\Models\\User', 18, 'laborwarehouse', '398fc2d7012e3e80ba7a57d0a0caa0bf4cef37063587650d8304c309268e255a', '[\"*\"]', NULL, NULL, '2024-07-12 05:53:45', '2024-07-12 05:53:45'),
(198, 'App\\Models\\User', 18, 'laborwarehouse', '9d8583650859b4ff071b21b75117e10302b57f9d053ec7d2460928f820931d70', '[\"*\"]', NULL, NULL, '2024-07-12 06:07:59', '2024-07-12 06:07:59'),
(199, 'App\\Models\\User', 18, 'laborwarehouse', '9f19d33ce2e8bd852ed7abbef8bad943ba1053fda41adc26d232db789808324e', '[\"*\"]', NULL, NULL, '2024-07-12 06:16:08', '2024-07-12 06:16:08'),
(200, 'App\\Models\\User', 18, 'laborwarehouse', 'd235d320a39a33c63a8fed9468e7fe1d04bc437b0c63e5a1730cde600095f31b', '[\"*\"]', NULL, NULL, '2024-07-15 00:01:20', '2024-07-15 00:01:20'),
(201, 'App\\Models\\User', 18, 'laborwarehouse', '4aaaf49d50f81d1aabacd2d319aeaa0fbec94c128eaf3692461fb000ece45a30', '[\"*\"]', NULL, NULL, '2024-07-15 00:02:00', '2024-07-15 00:02:00'),
(202, 'App\\Models\\User', 18, 'laborwarehouse', '4cb88110820d2f8bb50259ef6daf48e14651d5c3420ded4466bfed24d6659f2e', '[\"*\"]', NULL, NULL, '2024-07-15 00:13:21', '2024-07-15 00:13:21'),
(203, 'App\\Models\\User', 18, 'laborwarehouse', 'dca10bd2a783555a7f9eb77e23be7920b04060f494c6c2a1bc86249dbf863942', '[\"*\"]', NULL, NULL, '2024-07-15 00:13:48', '2024-07-15 00:13:48'),
(205, 'App\\Models\\User', 18, 'laborwarehouse', 'c122f086635b734cd179a226e214492aa35de62ab1e64b1489925d49c51348c7', '[\"*\"]', NULL, NULL, '2024-07-16 00:21:10', '2024-07-16 00:21:10'),
(206, 'App\\Models\\User', 18, 'laborwarehouse', '050d439d0f947883d65b8af674e193fd11b8e9a455572a2aa1bd808c425fef78', '[\"*\"]', NULL, NULL, '2024-07-16 00:24:45', '2024-07-16 00:24:45'),
(207, 'App\\Models\\User', 18, 'laborwarehouse', 'a54096a4dfe0187b481bcbd0e2c3ac32bf5381d90daa622e277ea7c16a1b9238', '[\"*\"]', NULL, NULL, '2024-07-16 00:29:36', '2024-07-16 00:29:36'),
(208, 'App\\Models\\User', 18, 'laborwarehouse', '3e415c0ae77abd41f6616344f184d3f2615e41aa1b206d37bd26e5bb5367332e', '[\"*\"]', NULL, NULL, '2024-07-16 00:33:12', '2024-07-16 00:33:12'),
(209, 'App\\Models\\User', 18, 'laborwarehouse', 'c7952e6d9a94dcc217add4d4855a6d8ed099ec83d09f3433e0b7b55f1397e93a', '[\"*\"]', NULL, NULL, '2024-07-16 00:40:17', '2024-07-16 00:40:17'),
(210, 'App\\Models\\User', 18, 'laborwarehouse', '0f170e074f9b29bd2d4cd34404c4ed748a6550fa716b384c1d6d758d71c12676', '[\"*\"]', NULL, NULL, '2024-07-16 00:54:26', '2024-07-16 00:54:26'),
(211, 'App\\Models\\User', 18, 'laborwarehouse', 'd5ac37180c3a01106259178649db62b2f86b024b3e6331a6750422127be723d0', '[\"*\"]', NULL, NULL, '2024-07-16 01:02:01', '2024-07-16 01:02:01'),
(212, 'App\\Models\\User', 18, 'laborwarehouse', 'a85496fad19a4d1ed729e2b2b6fae93a165274d655591c41835b244cdc6678e8', '[\"*\"]', NULL, NULL, '2024-07-16 01:06:57', '2024-07-16 01:06:57'),
(213, 'App\\Models\\User', 18, 'laborwarehouse', 'b7de2b9bacf553e4b5b2677bc975edf28679726d1a8b0badd0575d82ce340939', '[\"*\"]', NULL, NULL, '2024-07-16 01:12:59', '2024-07-16 01:12:59'),
(214, 'App\\Models\\User', 18, 'laborwarehouse', 'b22299f23e501f4375b5d320352744420e71d5e214c89943b9aea145a4740a94', '[\"*\"]', NULL, NULL, '2024-07-16 01:24:19', '2024-07-16 01:24:19'),
(215, 'App\\Models\\User', 18, 'laborwarehouse', 'eb31270828c5fcfb44f864663196be2355b83e04063974be3375286f35582873', '[\"*\"]', NULL, NULL, '2024-07-16 01:26:45', '2024-07-16 01:26:45'),
(216, 'App\\Models\\User', 18, 'laborwarehouse', '9477678ce820aa09681b1e8d930920bc6cb5c924709c3707e45e8862b6f651ca', '[\"*\"]', NULL, NULL, '2024-07-16 01:26:46', '2024-07-16 01:26:46'),
(217, 'App\\Models\\User', 18, 'laborwarehouse', '470973d045ada561db153582ca9647714c2158e96250333550c03feae84002c1', '[\"*\"]', NULL, NULL, '2024-07-16 01:31:21', '2024-07-16 01:31:21'),
(218, 'App\\Models\\User', 18, 'laborwarehouse', '75629e183e29d065ba7d05272f17f09b3e05535462537e1636666e22f1af6608', '[\"*\"]', NULL, NULL, '2024-07-16 01:41:42', '2024-07-16 01:41:42'),
(219, 'App\\Models\\User', 18, 'laborwarehouse', 'e9e7c6fb37969e77b5a7adbe0b9eac828c4553f676746856894ebbf146dde769', '[\"*\"]', NULL, NULL, '2024-07-16 02:01:35', '2024-07-16 02:01:35'),
(220, 'App\\Models\\User', 18, 'laborwarehouse', '6fce250227a069a52bd6d2ff714a139c37e7be611b972f91654c12fa50954846', '[\"*\"]', NULL, NULL, '2024-07-16 03:56:12', '2024-07-16 03:56:12'),
(221, 'App\\Models\\User', 18, 'laborwarehouse', '7c6d3a4903c2ae9cb491636022d842e10cfca2f19f0f90d2c6cf6081bb46997e', '[\"*\"]', NULL, NULL, '2024-07-16 04:08:49', '2024-07-16 04:08:49'),
(225, 'App\\Models\\User', 18, 'laborwarehouse', '76528fb8a1ed83613a86e4aa3de654f43bf416213b51bf4de5e3f6a97b5e5d1a', '[\"*\"]', NULL, NULL, '2024-07-19 04:10:23', '2024-07-19 04:10:23'),
(229, 'App\\Models\\User', 18, 'laborwarehouse', '6512aa20d25e0c609a2e82cc7302930cb1cf60a04d39ecaf060502e25d27c06b', '[\"*\"]', NULL, NULL, '2024-07-23 01:01:49', '2024-07-23 01:01:49'),
(230, 'App\\Models\\User', 18, 'laborwarehouse', 'fae4ae9bde0b34c1179f0ac00e89ae7474be2e18b9f9fef6ee95edb346493105', '[\"*\"]', NULL, NULL, '2024-07-23 03:15:38', '2024-07-23 03:15:38'),
(231, 'App\\Models\\User', 18, 'laborwarehouse', '7966d2d8222d6f90ac7769acc0a398fa62c396a7b6638eb85c8f824d3ab3f9a4', '[\"*\"]', NULL, NULL, '2024-07-23 04:35:51', '2024-07-23 04:35:51'),
(232, 'App\\Models\\User', 18, 'laborwarehouse', '6f956ce6a6157ea4a6e6051ac201590a48e6f5a69b950ae87e8360a963160d10', '[\"*\"]', NULL, NULL, '2024-07-23 06:11:05', '2024-07-23 06:11:05'),
(233, 'App\\Models\\User', 18, 'laborwarehouse', 'b8e5103d88984535e1b01d6ef786a3eed25f11de4ea6534c62365fc88c3f1505', '[\"*\"]', NULL, NULL, '2024-07-23 23:58:36', '2024-07-23 23:58:36'),
(236, 'App\\Models\\User', 18, 'laborwarehouse', '98168c233c0aa37b26ecf087509396bbbd5dfdca123cb1039ba03d460e894993', '[\"*\"]', '2024-07-24 00:49:41', NULL, '2024-07-24 00:42:18', '2024-07-24 00:49:41'),
(237, 'App\\Models\\User', 18, 'laborwarehouse', 'e7e5e2c40c1e394508097d4c71a95436ed0a60cff85f78adc61905a6070756bf', '[\"*\"]', '2024-07-24 00:51:43', NULL, '2024-07-24 00:51:30', '2024-07-24 00:51:43'),
(238, 'App\\Models\\User', 18, 'laborwarehouse', '47d8089f3d8f4b58abb1c72385fb6aa39371c24cab6b4f5219868efb4ed7b6d3', '[\"*\"]', '2024-07-24 03:01:50', NULL, '2024-07-24 00:52:26', '2024-07-24 03:01:50'),
(239, 'App\\Models\\User', 18, 'laborwarehouse', 'a0688c4db30a090924e3d4978aa66342577fc3383e5a32440519e3571f313b43', '[\"*\"]', '2024-07-24 03:54:44', NULL, '2024-07-24 03:54:38', '2024-07-24 03:54:44'),
(240, 'App\\Models\\User', 18, 'laborwarehouse', 'f12fa022240d499c3ec6960e1a0f2b903ff9ef2d98aca921a0149cdf7b7549a8', '[\"*\"]', '2024-07-24 03:56:17', NULL, '2024-07-24 03:56:11', '2024-07-24 03:56:17'),
(241, 'App\\Models\\User', 18, 'laborwarehouse', 'c5c372d8240270220c589739bd43027656926abed2a8d6dfae334bf7f1beaa15', '[\"*\"]', '2024-07-24 23:35:57', NULL, '2024-07-24 23:35:38', '2024-07-24 23:35:57'),
(476, 'App\\Models\\User', 28, 'laborwarehouse', '2d9bc3311cec1f795c00c2e0d0a800a08b4b734f35e04c7281469038514d03f7', '[\"*\"]', NULL, NULL, '2024-09-19 09:42:10', '2024-09-19 09:42:10'),
(477, 'App\\Models\\User', 28, 'laborwarehouse', 'f0de5079cb8da809a315f5d8c9d149803a4093a7f482713707e2762edc2a1185', '[\"*\"]', NULL, NULL, '2024-09-19 10:00:21', '2024-09-19 10:00:21'),
(478, 'App\\Models\\User', 28, 'laborwarehouse', '402c2b5fbbe3f0f8d3f0b018c754cd3688c9293b018d6fb64395fd74dd576e18', '[\"*\"]', NULL, NULL, '2024-09-19 10:01:02', '2024-09-19 10:01:02'),
(519, 'App\\Models\\User', 31, 'laborwarehouse', 'e9eb29b605fbbcddd31b83033299fd85cdf491625dccdd06705a784419755153', '[\"*\"]', '2024-10-02 00:43:38', NULL, '2024-09-28 10:23:11', '2024-10-02 00:43:38'),
(520, 'App\\Models\\User', 31, 'laborwarehouse', '2e5152efd1c468c67cc34e43a9920b07a32e2d1169609e3b2d797b45a2884048', '[\"*\"]', '2024-10-05 05:00:23', NULL, '2024-09-28 10:24:31', '2024-10-05 05:00:23'),
(523, 'App\\Models\\User', 30, 'laborwarehouse', '0c5dccd9d72212e32d81cbee3309dd93e2634620ec6a51fe688b359f21b59c89', '[\"*\"]', '2024-10-07 04:35:19', NULL, '2024-10-01 11:55:59', '2024-10-07 04:35:19'),
(546, 'App\\Models\\User', 35, 'laborwarehouse', '80f3cd0f73fc3417a6690cf649180938b8cc8f500bb3dec850e2d836b30e5d96', '[\"*\"]', '2024-10-02 05:13:13', NULL, '2024-10-02 05:08:03', '2024-10-02 05:13:13'),
(547, 'App\\Models\\User', 35, 'laborwarehouse', '971bbd965e77525ee6535e1a73582e1237055928bbaee3f8cadbf6a609c05bd3', '[\"*\"]', NULL, NULL, '2024-10-02 05:15:57', '2024-10-02 05:15:57'),
(548, 'App\\Models\\User', 35, 'laborwarehouse', 'de8532971b10647dbcc596f4c78bd525647d79d86d6903a4678c0a3eaecb7475', '[\"*\"]', '2024-10-02 05:17:31', NULL, '2024-10-02 05:17:21', '2024-10-02 05:17:31'),
(549, 'App\\Models\\User', 35, 'laborwarehouse', '07348500d5d8a83eb6562de4bdc347bccaced79c2f67bdc0392d69d146799fe4', '[\"*\"]', '2024-10-02 05:21:35', NULL, '2024-10-02 05:19:59', '2024-10-02 05:21:35'),
(550, 'App\\Models\\User', 35, 'laborwarehouse', '1695d817a6ac306bd08fbf75c14661380e6fbe7a240aabf4cfbd28054ad93eae', '[\"*\"]', NULL, NULL, '2024-10-02 05:21:26', '2024-10-02 05:21:26'),
(551, 'App\\Models\\User', 35, 'laborwarehouse', '69d9a20a205944eca9f713cb26cadbe9340819d4a0d36756cc411e0bd41f208e', '[\"*\"]', '2024-10-02 05:24:13', NULL, '2024-10-02 05:23:05', '2024-10-02 05:24:13'),
(552, 'App\\Models\\User', 35, 'laborwarehouse', '69453b17b5960b7c5ff434cdcb05ae0385ec5dd78846185f389c02d41b91314b', '[\"*\"]', NULL, NULL, '2024-10-02 05:25:58', '2024-10-02 05:25:58'),
(553, 'App\\Models\\User', 35, 'laborwarehouse', '1862d82a67ace24a77bfe88a9f8fee4495f58cc782251941b1192cea2d27b0ed', '[\"*\"]', '2024-10-02 14:04:47', NULL, '2024-10-02 13:58:08', '2024-10-02 14:04:47'),
(554, 'App\\Models\\User', 35, 'laborwarehouse', '21e833cb871ae3d1675cceffea2f78ee2213e5c7f07627c3daafec22a7556b07', '[\"*\"]', '2024-10-02 14:51:50', NULL, '2024-10-02 14:44:25', '2024-10-02 14:51:50'),
(577, 'App\\Models\\User', 38, 'laborwarehouse', 'c712919858d35fde546a55c77b6001863efd540c438c2bee105702da258c599f', '[\"*\"]', '2024-10-04 04:15:02', NULL, '2024-10-04 04:14:59', '2024-10-04 04:15:02'),
(579, 'App\\Models\\User', 38, 'laborwarehouse', '33465687401aac2e081d6a8d3579e233711a13a0c724166643c5fca4ab8d55a7', '[\"*\"]', '2024-10-04 04:24:54', NULL, '2024-10-04 04:19:25', '2024-10-04 04:24:54'),
(591, 'App\\Models\\User', 5, 'laborwarehouse', '724daf47541e804546e1793898de8c777c780ea786767ea907be26c436bd6d0e', '[\"*\"]', '2024-10-07 01:31:57', NULL, '2024-10-07 01:31:53', '2024-10-07 01:31:57'),
(595, 'App\\Models\\User', 5, 'laborwarehouse', 'ec286cd3579783599ded40697e4045be9c6fdd2e9617da691021129706a90838', '[\"*\"]', '2024-10-07 01:59:45', NULL, '2024-10-07 01:59:42', '2024-10-07 01:59:45'),
(596, 'App\\Models\\User', 5, 'laborwarehouse', 'f0541e76471e7197c283f85057ac6b47fbbf147e6b5538190c09ae7641aed46c', '[\"*\"]', '2024-10-07 04:38:43', NULL, '2024-10-07 03:12:01', '2024-10-07 04:38:43'),
(597, 'App\\Models\\User', 37, 'laborwarehouse', 'ed7831f135181d22be500d72472325661eb7ea3cc76dc8c358011970d240501d', '[\"*\"]', '2024-10-07 03:20:02', NULL, '2024-10-07 03:19:48', '2024-10-07 03:20:02'),
(598, 'App\\Models\\User', 5, 'laborwarehouse', 'f657ab55da21bf2c208badb2e13c94a31d578cc0de5beeb92365d9b3215b23f8', '[\"*\"]', '2024-10-07 03:20:55', NULL, '2024-10-07 03:20:30', '2024-10-07 03:20:55'),
(601, 'App\\Models\\User', 46, 'laborwarehouse', '8c1dcaf158e9a0352d81011aecebcf453f3b3fcdf38f98ff32bcd8d1915175ec', '[\"*\"]', NULL, NULL, '2024-10-07 04:59:16', '2024-10-07 04:59:16'),
(603, 'App\\Models\\User', 46, 'laborwarehouse', '79799eb2f204eefa21751503e61c43c894ea7c41584eb310cd8ad89c3360b706', '[\"*\"]', '2024-10-07 05:10:01', NULL, '2024-10-07 05:09:44', '2024-10-07 05:10:01'),
(605, 'App\\Models\\User', 46, 'laborwarehouse', '03ee02c5b5e891def7dcd6e35f04426f7affe606483f7271e7e3b1eb355a2254', '[\"*\"]', '2024-10-07 07:49:22', NULL, '2024-10-07 05:12:44', '2024-10-07 07:49:22'),
(641, 'App\\Models\\User', 54, 'laborwarehouse', 'eb9099cb2629df8b52138bcff4a0a1a2dfdcb8ee86dacc82c6600dc1231dfc2a', '[\"*\"]', '2024-10-14 05:14:48', NULL, '2024-10-14 05:13:32', '2024-10-14 05:14:48'),
(651, 'App\\Models\\User', 56, 'laborwarehouse', '4a993ff460564f0a9bb4a58af77b6b2d9f6d624caad4ab8c025d6a28bf369d96', '[\"*\"]', '2024-10-16 02:30:50', NULL, '2024-10-16 02:08:51', '2024-10-16 02:30:50'),
(653, 'App\\Models\\User', 56, 'laborwarehouse', 'c94effc63c9dcfe7e51c34aa6697cc3ba09a166d764f7e499d02b26b809e9b55', '[\"*\"]', '2024-10-16 02:40:34', NULL, '2024-10-16 02:40:18', '2024-10-16 02:40:34'),
(654, 'App\\Models\\User', 56, 'laborwarehouse', 'adae3a656fcd2883971314b664253c3c8974d8d6e3963de0b2a01fd0d27a8ce3', '[\"*\"]', '2024-10-18 06:33:11', NULL, '2024-10-16 03:56:16', '2024-10-18 06:33:11'),
(658, 'App\\Models\\User', 57, 'laborwarehouse', '7a28326d6901d651b68d6435efdb9cb20c14d15b4da932e38fc50083d6efc46a', '[\"*\"]', '2024-10-16 12:54:28', NULL, '2024-10-16 12:49:13', '2024-10-16 12:54:28'),
(659, 'App\\Models\\User', 57, 'laborwarehouse', 'a65195756ca8028aa9dfb7386e0704145645282fd7c7daec79ba9ac704aed87c', '[\"*\"]', '2024-10-16 12:58:27', NULL, '2024-10-16 12:56:05', '2024-10-16 12:58:27'),
(661, 'App\\Models\\User', 57, 'laborwarehouse', 'f31b0899bb1d788de984fb2454147140b210209f9f739b6e657d803c006da135', '[\"*\"]', '2024-10-16 13:05:34', NULL, '2024-10-16 13:01:43', '2024-10-16 13:05:34'),
(680, 'App\\Models\\User', 57, 'laborwarehouse', '3f7092a0d40e920972fda445ccd83b0366d5f602307a111e92725a2f69c8b258', '[\"*\"]', '2024-10-17 13:15:33', NULL, '2024-10-18 03:52:42', '2024-10-17 13:15:33'),
(681, 'App\\Models\\User', 58, 'laborwarehouse', '8ee9df549fef36df3e0213d88af32c199cd475a514070c56ba5e3c9beb9c12db', '[\"*\"]', '2024-10-18 06:35:27', NULL, '2024-10-18 06:27:41', '2024-10-18 06:35:27'),
(682, 'App\\Models\\User', 59, 'laborwarehouse', '674738bc60224c9c370d397b456166ba7c37f33f3afbf9a5035053c33c070e79', '[\"*\"]', '2024-10-24 02:34:01', NULL, '2024-10-18 06:34:56', '2024-10-24 02:34:01'),
(690, 'App\\Models\\User', 51, 'laborwarehouse', '92c56e4e316cab03bb60cf35c2b1005865b0afef383ed27efde8a21cac2a6842', '[\"*\"]', '2024-11-11 23:45:43', NULL, '2024-10-23 05:28:32', '2024-11-11 23:45:43'),
(700, 'App\\Models\\User', 52, 'laborwarehouse', 'aaa8893e4cb25305f0da57022e74a1defc53d18a7b958c4eaa0f9f31e633feb7', '[\"*\"]', '2024-12-09 05:07:23', NULL, '2024-12-09 05:07:21', '2024-12-09 05:07:23'),
(701, 'App\\Models\\User', 52, 'laborwarehouse', '02f43550465d702d3a9f38a88de0b4ed00fe4af04ccc1e7e922add0f2ed7a48c', '[\"*\"]', '2024-12-09 05:35:11', NULL, '2024-12-09 05:10:06', '2024-12-09 05:35:11'),
(703, 'App\\Models\\User', 41, 'laborwarehouse', '4d3568c9411c052f2ac1ad769b56d93d70f50785ca4981caa7139469bec56ec1', '[\"*\"]', '2025-02-18 01:56:59', NULL, '2025-02-18 01:55:14', '2025-02-18 01:56:59'),
(704, 'App\\Models\\User', 41, 'laborwarehouse', 'b29c9e26712e0f4f378ed06ca7c6c096fa130dcec7d1bdec55414095eeccbc24', '[\"*\"]', '2025-02-18 02:49:26', NULL, '2025-02-18 02:22:35', '2025-02-18 02:49:26'),
(705, 'App\\Models\\User', 41, 'laborwarehouse', '53628186a4484e3fb5607317591a7a6c887131b17ae763e179d838f7e34f09dd', '[\"*\"]', '2025-02-18 02:38:45', NULL, '2025-02-18 02:23:32', '2025-02-18 02:38:45'),
(707, 'App\\Models\\User', 62, 'laborwarehouse', '63768138bf1fb42a254572a37645d3c52bc1644b9181559895dd30cf28003c80', '[\"*\"]', NULL, NULL, '2025-02-21 00:01:52', '2025-02-21 00:01:52'),
(708, 'App\\Models\\User', 62, 'laborwarehouse', '1960c8ae75f5a87800097e8275b6b24e5a3274802f6c38bcdce7a3dea3eb499e', '[\"*\"]', '2025-02-21 01:24:32', NULL, '2025-02-21 00:21:16', '2025-02-21 01:24:32'),
(710, 'App\\Models\\User', 62, 'laborwarehouse', 'a3fa2b0967a86ba4271a6e1693495b40444235f78b820170d11970554a66ee2e', '[\"*\"]', '2025-02-21 01:09:01', NULL, '2025-02-21 00:57:19', '2025-02-21 01:09:01'),
(711, 'App\\Models\\User', 61, 'laborwarehouse', '4b245690034c31026df9491341ca7d31aca7230144146f7165b165fb826ddf0d', '[\"*\"]', '2025-02-21 01:47:15', NULL, '2025-02-21 01:03:59', '2025-02-21 01:47:15'),
(712, 'App\\Models\\User', 61, 'laborwarehouse', 'f939debc97e56bd9bf5ee7ba323acecc8391028cb674cf5b09f98b648dfea25a', '[\"*\"]', '2025-02-21 22:16:46', NULL, '2025-02-21 01:12:42', '2025-02-21 22:16:46'),
(713, 'App\\Models\\User', 61, 'laborwarehouse', '63155e4d55b80b4649465ce6a41539220b8ceb9ececa978a9aa4d05e224cad49', '[\"*\"]', '2025-02-21 01:41:37', NULL, '2025-02-21 01:24:48', '2025-02-21 01:41:37'),
(714, 'App\\Models\\User', 61, 'laborwarehouse', '8877190d95f31dd6d0548e19f3f68b4ac049d5f647f08c4d47d0da5cc56f44ef', '[\"*\"]', '2025-02-21 23:00:34', NULL, '2025-02-21 22:34:43', '2025-02-21 23:00:34'),
(715, 'App\\Models\\User', 61, 'laborwarehouse', 'be611ab7b4dab439bfd4a0795cea268248099afd6f57300b8ede1ff9c0b5603e', '[\"*\"]', '2025-02-22 00:55:37', NULL, '2025-02-21 23:03:58', '2025-02-22 00:55:37'),
(716, 'App\\Models\\User', 61, 'laborwarehouse', 'dc277e104c65fa2bf28865ac0b2a07f14b70f2084e0ac6e194fcf4b4874abe03', '[\"*\"]', '2025-02-22 01:10:00', NULL, '2025-02-21 23:04:48', '2025-02-22 01:10:00'),
(717, 'App\\Models\\User', 61, 'laborwarehouse', 'a75fa958bdbfce047bdada3d8db93e48f790ad7ca6c9e4016afa963a76e045bd', '[\"*\"]', '2025-03-02 13:36:53', NULL, '2025-02-22 02:29:52', '2025-03-02 13:36:53'),
(722, 'App\\Models\\User', 65, 'laborwarehouse', 'ad0d845e7133e02ea3e785d182d2727dedc30154fffe1d91bcf87c61a37970b1', '[\"*\"]', '2025-02-23 05:29:58', NULL, '2025-02-23 05:28:20', '2025-02-23 05:29:58'),
(731, 'App\\Models\\User', 65, 'laborwarehouse', '6643e76424f89bd7c077a0d8a73e64ffb37bec58fee9e60453474e19ce1dff3c', '[\"*\"]', '2025-02-24 03:09:45', NULL, '2025-02-24 03:08:46', '2025-02-24 03:09:45'),
(733, 'App\\Models\\User', 65, 'laborwarehouse', '293e78eae0bc4b8165533b2e783ea0ff1a6d362e0500b399f199e1fdd2c87bd9', '[\"*\"]', '2025-02-24 03:14:26', NULL, '2025-02-24 03:14:02', '2025-02-24 03:14:26'),
(736, 'App\\Models\\User', 65, 'laborwarehouse', '09b66e59336e62ae9b295c09f7927f9a0c46a06f1acc8c27946eafd5ac040af8', '[\"*\"]', '2025-02-24 08:04:17', NULL, '2025-02-24 08:03:26', '2025-02-24 08:04:17'),
(737, 'App\\Models\\User', 66, 'laborwarehouse', 'f27ba4dbde5ea984f1a15508037cd584ca69609deeef8c76c930d7a7e8343a47', '[\"*\"]', '2025-02-26 07:33:10', NULL, '2025-02-26 07:33:01', '2025-02-26 07:33:10'),
(738, 'App\\Models\\User', 66, 'laborwarehouse', '53dc60f7bfb1a299b606ed6d0e053914d4a40156ab8c351a318bc952739e0780', '[\"*\"]', '2025-02-27 06:51:51', NULL, '2025-02-27 06:51:29', '2025-02-27 06:51:51');

-- --------------------------------------------------------

--
-- Table structure for table `settings`
--

CREATE TABLE `settings` (
  `id` bigint UNSIGNED NOT NULL,
  `user_id` int NOT NULL DEFAULT '0',
  `name` varchar(255) COLLATE utf8mb4_unicode_ci DEFAULT NULL,
  `value` text COLLATE utf8mb4_unicode_ci,
  `customize` enum('No','Yes') COLLATE utf8mb4_unicode_ci NOT NULL DEFAULT 'No',
  `created_at` timestamp NULL DEFAULT NULL,
  `updated_at` timestamp NULL DEFAULT NULL
) ENGINE=InnoDB DEFAULT CHARSET=utf8mb4 COLLATE=utf8mb4_unicode_ci;

--
-- Dumping data for table `settings`
--

INSERT INTO `settings` (`id`, `user_id`, `name`, `value`, `customize`, `created_at`, `updated_at`) VALUES
(1, 0, 'company_name', 'ABAC', 'No', NULL, '2023-02-22 06:01:36'),
(2, 0, 'company_address', 'AHMEDABAD - 380050', 'No', NULL, '2023-02-22 06:01:36'),
(3, 0, 'company_contact', '+91 5555555555', 'No', NULL, '2023-02-22 06:01:36'),
(4, 0, 'company_email', 'admin@admin.com', 'No', NULL, '2023-02-22 06:01:36'),
(5, 0, 'company_website', '', 'No', NULL, NULL),
(6, 0, 'rows_per_page', '10', 'Yes', NULL, '2023-02-22 06:01:36'),
(7, 0, 'printer_name', '1020', 'Yes', NULL, '2023-02-22 06:01:36'),
(8, 0, 'service_tax', '0', 'No', NULL, '2023-02-22 06:01:36'),
(9, 0, 'hedu_cess', '2', 'No', NULL, '2023-02-22 06:01:36'),
(10, 0, 'edu_cess', '1', 'No', NULL, '2023-02-22 06:01:36'),
(11, 0, 'smtp_host', '', 'Yes', NULL, NULL),
(12, 0, 'smtp_user', '', 'Yes', NULL, NULL),
(13, 0, 'smtp_password', '', 'Yes', NULL, NULL),
(14, 0, 'smtp_port', '587', 'Yes', NULL, '2023-02-22 06:01:36'),
(15, 0, 'default_cc', '', 'No', NULL, NULL),
(19, 0, 'default_company', '1', 'Yes', NULL, '2023-02-22 06:01:36'),
(21, 0, 'imap_host', '', 'No', NULL, NULL),
(22, 0, 'imap_user', '', 'No', NULL, NULL),
(23, 0, 'imap_password', '', 'No', NULL, NULL),
(24, 0, 'imap_port', '', 'No', NULL, NULL),
(25, 0, 'stamp_duty', '0.1', 'No', NULL, '2023-02-22 06:01:36'),
(26, 0, 'theme', 'bootstrap.min.css', 'Yes', NULL, '2023-02-22 06:01:36'),
(27, 0, 'tally_server', '', 'No', NULL, NULL),
(28, 0, 'abatment', '75', 'No', NULL, '2023-02-22 06:01:36'),
(29, 0, 'chat_window', 'No', 'Yes', NULL, '2023-02-22 06:01:36'),
(30, 0, 'tds', '2', 'No', NULL, '2023-02-22 06:01:36'),
(31, 0, 'tds_surcharge', '0', 'No', NULL, '2023-02-22 06:01:36'),
(32, 0, 'tds_edu_cess', '0', 'No', NULL, '2023-02-22 06:01:36'),
(33, 0, 'tds_hedu_cess', '0', 'No', NULL, '2023-02-22 06:01:36'),
(34, 0, 'sms_api_url', 'https://msg.biometricsystems.co.in/api/api_http.php', 'No', NULL, '2023-02-22 06:01:36'),
(35, 0, 'sms_api_username', '', 'No', NULL, NULL),
(36, 0, 'sms_api_password', '', 'No', NULL, NULL),
(37, 0, 'sms_api_senderid', '', 'No', NULL, NULL),
(38, 0, 'sms_api_route', 'Informative', 'No', NULL, '2023-02-22 06:01:36'),
(39, 0, 'sms_api_otp_temp', '{OTP} is your one-time password and it is valid for the next 5 min. Pls, do not share this OTP with anyone.  Thank you  CONNECT IT HUB', 'No', NULL, '2023-02-22 06:01:36'),
(40, 0, 'sms_api_active', 'No', 'No', NULL, '2023-02-22 06:01:36'),
(41, 0, 'eway_test_auth_url', 'http://gstsandbox.charteredinfo.com/ewaybillapi/dec/v1.03/auth?', 'No', NULL, '2023-02-22 06:01:36'),
(42, 0, 'eway_test_ewaybill_url', 'http://gstsandbox.charteredinfo.com/ewaybillapi/dec/v1.03/ewayapi?', 'No', NULL, '2023-02-22 06:01:36'),
(43, 0, 'eway_test_asp_id', '1624731119', 'No', NULL, '2023-02-22 06:01:36'),
(44, 0, 'eway_test_password', 'Martin55!@', 'No', NULL, '2023-02-22 06:01:36'),
(45, 0, 'eway_test_gstin', '34AACCC1596Q002', 'No', NULL, '2023-02-22 06:01:36'),
(46, 0, 'eway_test_username', 'TaxProEnvPON', 'No', NULL, '2023-02-22 06:01:36'),
(47, 0, 'eway_test_ewbpwd', 'abc34*', 'No', NULL, '2023-02-22 06:01:36'),
(48, 0, 'eway_test_active', 'No', 'No', NULL, '2023-02-22 06:01:36'),
(49, 0, 'eway_auth_url', 'https://einvapi.charteredinfo.com/v1.03/dec/auth?', 'No', NULL, '2023-02-22 06:01:36'),
(50, 0, 'eway_ewaybill_url', 'https://einvapi.charteredinfo.com/v1.03/dec/ewayapi?', 'No', NULL, '2023-02-22 06:01:36'),
(51, 0, 'eway_asp_id', '', 'No', NULL, NULL),
(52, 0, 'eway_password', '', 'No', NULL, NULL),
(53, 0, 'eway_gstin', '', 'No', NULL, NULL),
(54, 0, 'eway_username', '', 'No', NULL, NULL),
(55, 0, 'eway_ewbpwd', '', 'No', NULL, NULL),
(56, 0, 'eway_active', 'Yes', 'No', NULL, '2023-02-22 06:01:36'),
(57, 0, 'eway_default_to', '', 'No', NULL, NULL),
(58, 0, 'eway_default_cc', '', 'No', NULL, NULL),
(59, 0, 'eway_default_bcc', '', 'No', NULL, NULL),
(60, 0, 'eway_default_source', 'LIVE', 'No', NULL, '2023-02-22 06:01:36'),
(61, 0, 'user_eway_party', '', 'Yes', NULL, NULL),
(62, 0, 'user_eway_from_place', '', 'Yes', NULL, NULL),
(63, 0, 'vch_out_inq_default_cr_ledger', '', 'No', NULL, NULL),
(64, 0, 'vch_out_quote_default_cr_ledger', '', 'No', NULL, NULL),
(65, 0, 'vch_out_order_default_cr_ledger', '', 'No', NULL, NULL),
(66, 0, 'vch_out_dc_default_cr_ledger', '', 'No', NULL, NULL),
(67, 0, 'vch_out_inv_default_cr_ledger', '', 'No', NULL, NULL),
(68, 0, 'vch_inw_inq_default_cr_ledger', '', 'No', NULL, NULL),
(69, 0, 'vch_inw_quote_default_cr_ledger', '', 'No', NULL, NULL),
(70, 0, 'vch_inw_order_default_cr_ledger', '', 'No', NULL, NULL),
(71, 0, 'vch_inw_dc_default_cr_ledger', '', 'No', NULL, NULL),
(72, 0, 'vch_inw_inv_default_cr_ledger', '', 'No', NULL, NULL),
(73, 0, 'maximum_km', '3000', 'Yes', '2023-01-12 00:06:34', '2023-02-22 06:01:36'),
(74, 0, 'auto_refresh_time', '5', 'Yes', '2023-01-12 00:06:59', '2023-02-22 06:01:36'),
(75, 0, 'commission_admin_to_mulajim', '0.20', 'No', '2025-02-24 03:44:50', '2025-02-24 03:44:50');

-- --------------------------------------------------------

--
-- Table structure for table `terms_privacies`
--

CREATE TABLE `terms_privacies` (
  `id` bigint UNSIGNED NOT NULL,
  `selection` varchar(255) COLLATE utf8mb4_unicode_ci DEFAULT NULL,
  `description` longtext COLLATE utf8mb4_unicode_ci,
  `status` tinyint NOT NULL DEFAULT '1' COMMENT '0=inActive, 1=active',
  `created_at` timestamp NULL DEFAULT NULL,
  `updated_at` timestamp NULL DEFAULT NULL
) ENGINE=InnoDB DEFAULT CHARSET=utf8mb4 COLLATE=utf8mb4_unicode_ci;

--
-- Dumping data for table `terms_privacies`
--

INSERT INTO `terms_privacies` (`id`, `selection`, `description`, `status`, `created_at`, `updated_at`) VALUES
(1, 'terms', '<h2>Illustration paragraph: a 5-step example</h2>\r\n\r\n<p>From the list above, let&rsquo;s choose &ldquo;illustration&rdquo; as our rhetorical purpose. We&rsquo;ll walk through a 5-step process for building a paragraph that illustrates a point in an argument. For each step there is an explanation and example. Our example paragraph will be about human misconceptions of piranhas.</p>\r\n\r\n<h3>Step 1. Decide on a controlling idea and create a topic sentence</h3>\r\n\r\n<p>Paragraph development begins with the formulation of the controlling idea. This idea directs the paragraph&rsquo;s development. Often, the controlling idea of a paragraph will appear in the form of a topic sentence. In some cases, you may need more than one sentence to express a paragraph&rsquo;s controlling idea.</p>\r\n\r\n<p><strong>Controlling idea and topic sentence</strong>&nbsp;&mdash; Despite the fact that piranhas are relatively harmless, many people continue to believe the pervasive myth that piranhas are dangerous to humans.</p>\r\n\r\n<h3>Step 2. Elaborate on the controlling idea</h3>\r\n\r\n<p>Paragraph development continues with an elaboration on the controlling idea, perhaps with an explanation, implication, or statement about significance. Our example offers a possible explanation for the pervasiveness of the myth.</p>\r\n\r\n<p><strong>Elaboration</strong>&nbsp;&mdash; This impression of piranhas is exacerbated by their mischaracterization in popular media.</p>\r\n\r\n<h3>Step 3. Give an example (or multiple examples)</h3>\r\n\r\n<p>Paragraph development progresses with an example (or more) that illustrates the claims made in the previous sentences.</p>\r\n\r\n<p><strong>Example</strong>&nbsp;&mdash; For example, the promotional poster for the 1978 horror film&nbsp;<em>Piranha</em>&nbsp;features an oversized piranha poised to bite the leg of an unsuspecting woman.</p>\r\n\r\n<h3>Step 4. Explain the example(s)</h3>\r\n\r\n<p>The next movement in paragraph development is an explanation of each example and its relevance to the topic sentence. The explanation should demonstrate the value of the example as evidence to support the major claim, or focus, in your paragraph.</p>\r\n\r\n<p>Continue the pattern of giving examples and explaining them until all points/examples that the writer deems necessary have been made and explained. NONE of your examples should be left unexplained. You might be able to explain the relationship between the example and the topic sentence in the same sentence which introduced the example. More often, however, you will need to explain that relationship in a separate sentence.</p>\r\n\r\n<p><strong>Explanation for example</strong>&nbsp;&mdash; Such a terrifying representation easily captures the imagination and promotes unnecessary fear.</p>\r\n\r\n<p>Notice that the example and explanation steps of this 5-step process (steps 3 and 4) can be repeated as needed. The idea is that you continue to use this pattern until you have completely developed the main idea of the paragraph.</p>\r\n\r\n<h3>Step 5. Complete the paragraph&rsquo;s idea or transition into the next paragraph</h3>\r\n\r\n<p>The final movement in paragraph development involves tying up the loose ends of the paragraph. At this point, you can remind your reader about the relevance of the information to the larger paper, or you can make a concluding point for this example. You might, however, simply transition to the next paragraph.</p>\r\n\r\n<p><strong>Sentences for completing a paragraph</strong>&nbsp;&mdash; While the trope of the man-eating piranhas lends excitement to the adventure stories, it bears little resemblance to the real-life piranha. By paying more attention to fact than fiction, humans may finally be able to let go of this inaccurate belief.</p>\r\n\r\n<h3>Finished paragraph</h3>\r\n\r\n<p>Despite the fact that piranhas are relatively harmless, many people continue to believe the pervasive myth that piranhas are dangerous to humans. This impression of piranhas is exacerbated by their mischaracterization in popular media. For example, the promotional poster for the 1978 horror film&nbsp;<em>Piranha</em>&nbsp;features an oversized piranha poised to bite the leg of an unsuspecting woman. Such a terrifying representation easily captures the imagination and promotes unnecessary fear. While the trope of the man-eating piranhas lends excitement to the adventure stories, it bears little resemblance to the real-life piranha. By paying more attention to fact than fiction, humans may finally be able to let go of this inaccurate belief.</p>', 1, '2023-02-21 06:41:24', '2023-02-23 03:29:15'),
(2, 'privacy', '<h2>What this handout is about</h2>\r\n\r\n<p>This handout will help you understand how paragraphs are formed, how to develop stronger paragraphs, and how to completely and clearly express your ideas.</p>\r\n\r\n<h2>What is a paragraph?</h2>\r\n\r\n<p>Paragraphs are the building blocks of papers. Many students define paragraphs in terms of length: a paragraph is a group of at least five sentences, a paragraph is half a page long, etc. In reality, though, the unity and coherence of ideas among sentences is what constitutes a paragraph. A paragraph is defined as &ldquo;a group of sentences or a single sentence that forms a unit&rdquo; (Lunsford and Connors 116). Length and appearance do not determine whether a section in a paper is a paragraph. For instance, in some styles of writing, particularly journalistic styles, a paragraph can be just one sentence long. Ultimately, a paragraph is a sentence or group of sentences that support one main idea. In this handout, we will refer to this as the &ldquo;controlling idea,&rdquo; because it controls what happens in the rest of the paragraph.</p>\r\n\r\n<h2>How do I decide what to put in a paragraph?</h2>\r\n\r\n<p>Before you can begin to determine what the composition of a particular paragraph will be, you must first decide on an&nbsp;<a href=\"https://writingcenter.unc.edu/tips-and-tools/argument/\">argument</a>&nbsp;and a working&nbsp;<a href=\"https://writingcenter.unc.edu/tips-and-tools/thesis-statements/\">thesis statement</a>&nbsp;for your paper. What is the most important idea that you are trying to convey to your reader? The information in each paragraph must be related to that idea. In other words, your paragraphs should remind your reader that there is a recurrent relationship between your thesis and the information in each paragraph. A working thesis functions like a seed from which your paper, and your ideas, will grow. The whole process is an organic one&mdash;a natural progression from a seed to a full-blown paper where there are direct, familial relationships between all of the ideas in the paper.</p>\r\n\r\n<p>The decision about what to put into your paragraphs begins with the germination of a seed of ideas; this &ldquo;germination process&rdquo; is better known as&nbsp;<a href=\"https://writingcenter.unc.edu/tips-and-tools/brainstorming/\">brainstorming</a>. There are many techniques for brainstorming; whichever one you choose, this stage of paragraph development cannot be skipped. Building paragraphs can be like building a skyscraper: there must be a well-planned foundation that supports what you are building. Any cracks, inconsistencies, or other corruptions of the foundation can cause your whole paper to crumble.</p>\r\n\r\n<p>So, let&rsquo;s suppose that you have done some brainstorming to develop your thesis. What else should you keep in mind as you begin to create paragraphs?&nbsp;<strong>Every paragraph in a paper should be</strong>:</p>\r\n\r\n<ul>\r\n	<li><strong>Unified</strong>: All of the sentences in a single paragraph should be related to a single controlling idea (often expressed in the topic sentence of the paragraph).</li>\r\n	<li><strong>Clearly related to the thesis</strong>: The sentences should all refer to the central idea, or thesis, of the paper (Rosen and Behrens 119).</li>\r\n	<li><strong>Coherent</strong>: The sentences should be arranged in a logical manner and should follow a definite plan for development (Rosen and Behrens 119).</li>\r\n	<li><strong>Well-developed</strong>: Every idea discussed in the paragraph should be adequately explained and supported through evidence and details that work together to explain the paragraph&rsquo;s controlling idea (Rosen and Behrens 119).</li>\r\n</ul>', 1, '2023-02-21 07:02:14', '2023-02-21 07:02:14');

-- --------------------------------------------------------

--
-- Table structure for table `types`
--

CREATE TABLE `types` (
  `id` bigint UNSIGNED NOT NULL,
  `name` varchar(255) COLLATE utf8mb4_unicode_ci DEFAULT NULL,
  `created_at` timestamp NULL DEFAULT NULL,
  `updated_at` timestamp NULL DEFAULT NULL
) ENGINE=InnoDB DEFAULT CHARSET=utf8mb4 COLLATE=utf8mb4_unicode_ci;

--
-- Dumping data for table `types`
--

INSERT INTO `types` (`id`, `name`, `created_at`, `updated_at`) VALUES
(1, 'Bulk', '2022-09-27 05:19:10', '2022-09-27 05:19:10'),
(2, 'Container', '2022-09-27 05:19:10', '2022-09-27 05:19:10'),
(4, 'admin type', '2022-10-11 04:59:48', '2022-10-11 04:59:48'),
(6, 'add type', '2022-10-15 07:46:07', '2022-10-15 07:46:07');

-- --------------------------------------------------------

--
-- Table structure for table `units`
--

CREATE TABLE `units` (
  `id` bigint UNSIGNED NOT NULL,
  `code` char(4) COLLATE utf8mb4_unicode_ci NOT NULL,
  `name` varchar(50) COLLATE utf8mb4_unicode_ci NOT NULL,
  `kg_value` varchar(255) COLLATE utf8mb4_unicode_ci DEFAULT NULL COMMENT 'this column value in KG',
  `status` tinyint NOT NULL DEFAULT '0' COMMENT '0=inActive, 1=active',
  `created_at` timestamp NULL DEFAULT NULL,
  `updated_at` timestamp NULL DEFAULT NULL
) ENGINE=InnoDB DEFAULT CHARSET=utf8mb4 COLLATE=utf8mb4_unicode_ci;

--
-- Dumping data for table `units`
--

INSERT INTO `units` (`id`, `code`, `name`, `kg_value`, `status`, `created_at`, `updated_at`) VALUES
(1, 'BAG', 'BAGS', NULL, 0, NULL, '2022-12-21 01:11:19'),
(2, 'BAL', 'BALE', '217.7243376', 1, NULL, NULL),
(3, 'BDL', 'BUNDLES', NULL, 1, NULL, '2024-06-14 00:31:04'),
(4, 'BKL', 'BUCKLES', NULL, 1, NULL, '2024-06-14 00:31:08'),
(5, 'BOU', 'BILLIONS OF UNITS', NULL, 1, NULL, '2024-06-14 00:31:07'),
(6, 'BOX', 'BOX', NULL, 1, NULL, '2024-06-14 00:31:09'),
(7, 'BTL', 'BOTTLES', NULL, 1, NULL, '2024-06-14 00:31:10'),
(8, 'BUN', 'BUNCHES', NULL, 1, NULL, '2024-06-14 00:31:10'),
(9, 'CAN', 'CANS', NULL, 1, NULL, '2024-06-14 00:31:12'),
(10, 'CBM', 'CUBIC METER', '1000', 1, NULL, NULL),
(11, 'CCM', 'CUBIC CENTIMETER', '0.001', 1, NULL, NULL),
(12, 'CMS', 'CENTIMETER', '0.01', 1, NULL, NULL),
(13, 'CTN', 'CARTONS', NULL, 0, NULL, '2022-12-21 01:12:44'),
(14, 'DOZ', 'DOZEN', NULL, 0, NULL, '2022-12-21 01:12:45'),
(15, 'DRM', 'DRUM', NULL, 0, NULL, '2022-12-21 01:12:45'),
(16, 'GGR', 'GREAT GROSS', NULL, 0, NULL, '2022-12-21 01:12:46'),
(17, 'GMS', 'GRAMS', '0.001', 1, NULL, NULL),
(18, 'GRS', 'GROSS', '0.003824', 1, NULL, NULL),
(19, 'GYD', 'GROSS YARDS', NULL, 0, NULL, '2022-12-21 01:12:54'),
(20, 'KGS', 'KILOGRAMS', '1', 1, NULL, NULL),
(21, 'KLR', 'KILOLITER', NULL, 0, NULL, '2022-12-21 01:12:59'),
(22, 'KME', 'KILOMETRE', '1000', 1, NULL, NULL),
(23, 'MLT', 'MILLILITRE', NULL, 0, NULL, '2022-12-21 01:13:05'),
(24, 'MTR', 'METERS', '1', 1, NULL, NULL),
(25, 'MTS', 'METRIC TONS', NULL, 0, NULL, '2022-12-21 01:13:10'),
(26, 'NOS', 'NUMBERS', NULL, 0, NULL, '2022-12-21 01:13:15'),
(27, 'PAC', 'PACKS', NULL, 0, NULL, '2022-12-21 01:13:16'),
(28, 'PCS', 'PIECES', NULL, 0, NULL, '2022-12-21 01:13:17'),
(29, 'PRS', 'PAIRS', NULL, 0, NULL, '2022-12-21 01:13:17'),
(30, 'QTL', 'QUINTAL', '100', 1, NULL, NULL),
(31, 'ROL', 'ROLLS', NULL, 0, NULL, '2022-12-21 01:13:27'),
(32, 'SET', 'SETS', NULL, 0, NULL, '2022-12-21 01:13:27'),
(33, 'SQF', 'SQUARE FEET', NULL, 0, NULL, '2022-12-21 01:13:28'),
(34, 'SQM', 'SQUARE METERS', NULL, 0, NULL, '2022-12-21 01:13:29'),
(35, 'SQY', 'SQUARE YARDS', NULL, 0, NULL, '2022-12-21 01:13:30'),
(36, 'TBS', 'TABLETS', NULL, 0, NULL, '2022-12-21 01:13:30'),
(37, 'TGM', 'TEN GROSS', NULL, 0, NULL, '2022-12-21 01:13:31'),
(38, 'THD', 'THOUSANDS', NULL, 0, NULL, '2022-12-21 01:13:32'),
(39, 'TON', 'TONNES', '1000', 1, NULL, NULL),
(40, 'TUB', 'TUBES', NULL, 0, NULL, '2022-12-21 01:13:42'),
(41, 'UGS', 'US GALLONS', NULL, 0, NULL, '2022-12-21 01:13:43'),
(42, 'UNT', 'UNITS', NULL, 0, NULL, '2022-12-21 01:13:44'),
(43, 'YDS', 'YARDS', NULL, 0, NULL, '2022-12-21 01:13:45'),
(44, 'OTH', 'OTHERS', NULL, 0, NULL, '2022-12-21 01:13:46');

-- --------------------------------------------------------

--
-- Table structure for table `users`
--

CREATE TABLE `users` (
  `id` bigint UNSIGNED NOT NULL,
  `role_id` tinyint NOT NULL DEFAULT '2' COMMENT '1=admin, 2=company, 3=mulajim, 4=mulajim_group',
  `name` varchar(255) COLLATE utf8mb4_unicode_ci NOT NULL,
  `email` varchar(255) COLLATE utf8mb4_unicode_ci NOT NULL,
  `email_verified_at` timestamp NULL DEFAULT NULL,
  `password` varchar(255) COLLATE utf8mb4_unicode_ci NOT NULL,
  `remember_token` varchar(100) COLLATE utf8mb4_unicode_ci DEFAULT NULL,
  `created_at` timestamp NULL DEFAULT NULL,
  `updated_at` timestamp NULL DEFAULT NULL
) ENGINE=InnoDB DEFAULT CHARSET=utf8mb4 COLLATE=utf8mb4_unicode_ci;

--
-- Dumping data for table `users`
--

INSERT INTO `users` (`id`, `role_id`, `name`, `email`, `email_verified_at`, `password`, `remember_token`, `created_at`, `updated_at`) VALUES
(1, 1, 'Admin', 'admin@admin.com', NULL, '$2y$10$mgJApZRZi9lL9mkTb63uXugdT0MVrp0NWRVdXYcFaQAlIsbn/tcsW', NULL, '2022-12-21 01:45:42', '2022-12-21 01:45:42'),
(61, 3, 'Chetan', 'cpjeslot1@gmail.com', NULL, '$2y$10$mgJApZRZi9lL9mkTb63uXugdT0MVrp0NWRVdXYcFaQAlIsbn/tcsW', NULL, '2025-02-20 23:52:56', '2025-02-20 23:52:56'),
(62, 4, 'mulajim_group_1', 'mulajim_group_1@gmail.com', NULL, '$2y$10$2LAtGgBhjha0aJHmfmjjnO4bGKug4ENl94RaGoMNrcLJtt.hwCV22', NULL, '2025-02-21 00:01:00', '2025-02-21 00:01:00'),
(63, 2, 'Test Company', 'contact@connectithub.com', NULL, '$2y$10$mgJApZRZi9lL9mkTb63uXugdT0MVrp0NWRVdXYcFaQAlIsbn/tcsW', NULL, '2025-02-21 00:17:42', '2025-02-21 00:17:42'),
(64, 2, 'REGAL GROUP', 'regalgroupoffice@gmail.com', NULL, '$2y$10$isNvtS9GACVVp8ywaAXMC.myJPAIEUyZ9jHRT5lZZs0cQl/qDIs2O', NULL, '2025-02-22 11:19:14', '2025-02-22 11:19:14'),
(65, 3, 'MULAJIM  TEAM', 'PANKAJKKUMAR50@GMAIL.COM', NULL, '$2y$10$f9pCnON.FvtQcYqdeI2wUuF5yuqCGUnB2gABhNkwBX.cixJQYedd.', NULL, '2025-02-22 11:36:30', '2025-02-24 03:13:26'),
(66, 4, 'Feb2025 test', 'Pankajkkumar60@gmail.com', NULL, '$2y$10$isNvtS9GACVVp8ywaAXMC.myJPAIEUyZ9jHRT5lZZs0cQl/qDIs2O', NULL, '2025-02-22 11:48:07', '2025-02-22 11:48:07');

-- --------------------------------------------------------

--
-- Table structure for table `warehouses`
--

CREATE TABLE `warehouses` (
  `id` bigint UNSIGNED NOT NULL,
  `name` varchar(255) COLLATE utf8mb4_unicode_ci NOT NULL,
  `contact` varchar(255) COLLATE utf8mb4_unicode_ci DEFAULT NULL,
  `address` varchar(255) COLLATE utf8mb4_unicode_ci DEFAULT NULL,
  `latitude` varchar(255) COLLATE utf8mb4_unicode_ci DEFAULT NULL,
  `longitude` varchar(255) COLLATE utf8mb4_unicode_ci DEFAULT NULL,
  `created_at` timestamp NULL DEFAULT NULL,
  `updated_at` timestamp NULL DEFAULT NULL
) ENGINE=InnoDB DEFAULT CHARSET=utf8mb4 COLLATE=utf8mb4_unicode_ci;

--
-- Dumping data for table `warehouses`
--

INSERT INTO `warehouses` (`id`, `name`, `contact`, `address`, `latitude`, `longitude`, `created_at`, `updated_at`) VALUES
(1, 'warehouse 1', '8799302123', 'ABC', '21.2342725', '72.8712327', '2022-10-22 04:44:22', '2024-10-08 03:06:22'),
(2, 'warehouse 2', '1234567890', '3ewfeasfas', '22.3038945', '70.80215989999999', '2022-10-22 06:36:50', '2022-12-20 06:21:43'),
(3, 'warehouse 3', '6185133405', 'narol ahmedabad', '22.9641614', '72.5903337', '2022-12-22 04:15:26', '2022-12-22 04:15:26'),
(4, 'warehouse 4', '8911387735', 'naroda ahmedabad', '23.0685865', '72.6535961', '2022-12-22 04:15:55', '2022-12-22 04:15:55'),
(5, 'warehouse 5', '0520882976', 'gota ahmedabad', '22.2792533', '70.8356719', '2022-12-22 04:16:19', '2022-12-22 05:27:25'),
(6, 'SeaBird CSF', '8888888888', 'Mundra Port', '22.7917371', '69.68422919999999', '2024-09-28 09:41:04', '2024-09-28 09:41:04');

-- --------------------------------------------------------

--
-- Table structure for table `work_types`
--

CREATE TABLE `work_types` (
  `id` bigint UNSIGNED NOT NULL,
  `name` varchar(255) COLLATE utf8mb4_unicode_ci DEFAULT NULL,
  `created_at` timestamp NULL DEFAULT NULL,
  `updated_at` timestamp NULL DEFAULT NULL
) ENGINE=InnoDB DEFAULT CHARSET=utf8mb4 COLLATE=utf8mb4_unicode_ci;

--
-- Dumping data for table `work_types`
--

INSERT INTO `work_types` (`id`, `name`, `created_at`, `updated_at`) VALUES
(1, 'stuffing', '2022-12-20 04:46:22', '2022-12-20 04:51:52'),
(2, 'Destuffing', '2024-09-28 09:42:09', '2024-09-28 09:42:09');

--
-- Indexes for dumped tables
--

--
-- Indexes for table `accounts`
--
ALTER TABLE `accounts`
  ADD PRIMARY KEY (`id`);

--
-- Indexes for table `cargos`
--
ALTER TABLE `cargos`
  ADD PRIMARY KEY (`id`),
  ADD KEY `cargos_category_id_foreign` (`category_id`),
  ADD KEY `cargos_unit_id_foreign` (`unit_id`),
  ADD KEY `cargos_type_id_foreign` (`type_id`);

--
-- Indexes for table `categories`
--
ALTER TABLE `categories`
  ADD PRIMARY KEY (`id`);

--
-- Indexes for table `companies`
--
ALTER TABLE `companies`
  ADD PRIMARY KEY (`id`),
  ADD KEY `companies_user_id_foreign` (`user_id`);

--
-- Indexes for table `failed_jobs`
--
ALTER TABLE `failed_jobs`
  ADD PRIMARY KEY (`id`),
  ADD UNIQUE KEY `failed_jobs_uuid_unique` (`uuid`);

--
-- Indexes for table `gst_details`
--
ALTER TABLE `gst_details`
  ADD PRIMARY KEY (`id`);

--
-- Indexes for table `labours`
--
ALTER TABLE `labours`
  ADD PRIMARY KEY (`id`),
  ADD UNIQUE KEY `labours_email_unique` (`email`),
  ADD KEY `labours_mulajim_id_foreign` (`mulajim_id`);

--
-- Indexes for table `ledgers`
--
ALTER TABLE `ledgers`
  ADD PRIMARY KEY (`id`),
  ADD KEY `ledgers_account_id_foreign` (`account_id`),
  ADD KEY `ledgers_company_id_foreign` (`company_id`);

--
-- Indexes for table `migrations`
--
ALTER TABLE `migrations`
  ADD PRIMARY KEY (`id`);

--
-- Indexes for table `mulajims`
--
ALTER TABLE `mulajims`
  ADD PRIMARY KEY (`id`),
  ADD UNIQUE KEY `mulajims_email_unique` (`email`),
  ADD KEY `mulajims_user_id_foreign` (`user_id`);

--
-- Indexes for table `mulajim_groups`
--
ALTER TABLE `mulajim_groups`
  ADD PRIMARY KEY (`id`),
  ADD KEY `mulajim_groups_user_id_foreign` (`user_id`),
  ADD KEY `mulajim_groups_mulajim_id_foreign` (`mulajim_id`);

--
-- Indexes for table `mulajim_group_labours`
--
ALTER TABLE `mulajim_group_labours`
  ADD PRIMARY KEY (`id`),
  ADD KEY `mulajim_group_labours_mulajim_group_id_foreign` (`mulajim_group_id`),
  ADD KEY `mulajim_group_labours_labour_id_foreign` (`labour_id`);

--
-- Indexes for table `notifications`
--
ALTER TABLE `notifications`
  ADD PRIMARY KEY (`id`),
  ADD KEY `notifications_receiver_warehouse_id_foreign` (`receiver_warehouse_id`),
  ADD KEY `notifications_receiver_mulajim_id_foreign` (`receiver_mulajim_id`),
  ADD KEY `notifications_receiver_labor_id_foreign` (`receiver_labor_id`);

--
-- Indexes for table `orders`
--
ALTER TABLE `orders`
  ADD PRIMARY KEY (`id`),
  ADD KEY `orders_company_id_foreign` (`company_id`),
  ADD KEY `orders_warehouse_id_foreign` (`warehouse_id`),
  ADD KEY `orders_work_type_id_foreign` (`work_type_id`);

--
-- Indexes for table `order_accepted_distances`
--
ALTER TABLE `order_accepted_distances`
  ADD PRIMARY KEY (`id`),
  ADD KEY `order_accepted_distances_user_id_foreign` (`user_id`),
  ADD KEY `order_accepted_distances_mulajim_group_id_foreign` (`mulajim_group_id`),
  ADD KEY `order_accepted_distances_mulajim_id_foreign` (`mulajim_id`),
  ADD KEY `order_accepted_distances_labour_id_foreign` (`labour_id`),
  ADD KEY `order_accepted_distances_order_container_id_foreign` (`order_container_id`);

--
-- Indexes for table `order_accept_logs`
--
ALTER TABLE `order_accept_logs`
  ADD PRIMARY KEY (`id`),
  ADD KEY `order_accept_logs_user_id_foreign` (`user_id`),
  ADD KEY `order_accept_logs_mulajim_group_id_foreign` (`mulajim_group_id`),
  ADD KEY `order_accept_logs_mulajim_id_foreign` (`mulajim_id`),
  ADD KEY `order_accept_logs_labour_id_foreign` (`labour_id`),
  ADD KEY `order_accept_logs_company_id_foreign` (`company_id`),
  ADD KEY `order_accept_logs_order_container_id_foreign` (`order_container_id`);

--
-- Indexes for table `order_containers`
--
ALTER TABLE `order_containers`
  ADD PRIMARY KEY (`id`),
  ADD KEY `order_containers_order_id_foreign` (`order_id`),
  ADD KEY `order_containers_cargo_id_foreign` (`cargo_id`);

--
-- Indexes for table `order_log`
--
ALTER TABLE `order_log`
  ADD PRIMARY KEY (`id`);

--
-- Indexes for table `order_mulajims`
--
ALTER TABLE `order_mulajims`
  ADD PRIMARY KEY (`id`),
  ADD KEY `order_mulajims_order_id_foreign` (`order_id`),
  ADD KEY `order_mulajims_mulajim_id_foreign` (`mulajim_id`);

--
-- Indexes for table `password_resets`
--
ALTER TABLE `password_resets`
  ADD KEY `password_resets_email_index` (`email`);

--
-- Indexes for table `personal_access_tokens`
--
ALTER TABLE `personal_access_tokens`
  ADD PRIMARY KEY (`id`),
  ADD UNIQUE KEY `personal_access_tokens_token_unique` (`token`),
  ADD KEY `personal_access_tokens_tokenable_type_tokenable_id_index` (`tokenable_type`,`tokenable_id`);

--
-- Indexes for table `settings`
--
ALTER TABLE `settings`
  ADD PRIMARY KEY (`id`);

--
-- Indexes for table `terms_privacies`
--
ALTER TABLE `terms_privacies`
  ADD PRIMARY KEY (`id`);

--
-- Indexes for table `types`
--
ALTER TABLE `types`
  ADD PRIMARY KEY (`id`);

--
-- Indexes for table `units`
--
ALTER TABLE `units`
  ADD PRIMARY KEY (`id`);

--
-- Indexes for table `users`
--
ALTER TABLE `users`
  ADD PRIMARY KEY (`id`);

--
-- Indexes for table `warehouses`
--
ALTER TABLE `warehouses`
  ADD PRIMARY KEY (`id`);

--
-- Indexes for table `work_types`
--
ALTER TABLE `work_types`
  ADD PRIMARY KEY (`id`);

--
-- AUTO_INCREMENT for dumped tables
--

--
-- AUTO_INCREMENT for table `accounts`
--
ALTER TABLE `accounts`
  MODIFY `id` bigint UNSIGNED NOT NULL AUTO_INCREMENT, AUTO_INCREMENT=30;

--
-- AUTO_INCREMENT for table `cargos`
--
ALTER TABLE `cargos`
  MODIFY `id` bigint UNSIGNED NOT NULL AUTO_INCREMENT, AUTO_INCREMENT=12;

--
-- AUTO_INCREMENT for table `categories`
--
ALTER TABLE `categories`
  MODIFY `id` bigint UNSIGNED NOT NULL AUTO_INCREMENT, AUTO_INCREMENT=10;

--
-- AUTO_INCREMENT for table `companies`
--
ALTER TABLE `companies`
  MODIFY `id` bigint UNSIGNED NOT NULL AUTO_INCREMENT, AUTO_INCREMENT=12;

--
-- AUTO_INCREMENT for table `failed_jobs`
--
ALTER TABLE `failed_jobs`
  MODIFY `id` bigint UNSIGNED NOT NULL AUTO_INCREMENT;

--
-- AUTO_INCREMENT for table `gst_details`
--
ALTER TABLE `gst_details`
  MODIFY `id` bigint UNSIGNED NOT NULL AUTO_INCREMENT;

--
-- AUTO_INCREMENT for table `labours`
--
ALTER TABLE `labours`
  MODIFY `id` bigint UNSIGNED NOT NULL AUTO_INCREMENT, AUTO_INCREMENT=96;

--
-- AUTO_INCREMENT for table `ledgers`
--
ALTER TABLE `ledgers`
  MODIFY `id` bigint UNSIGNED NOT NULL AUTO_INCREMENT, AUTO_INCREMENT=12;

--
-- AUTO_INCREMENT for table `migrations`
--
ALTER TABLE `migrations`
  MODIFY `id` int UNSIGNED NOT NULL AUTO_INCREMENT, AUTO_INCREMENT=55;

--
-- AUTO_INCREMENT for table `mulajims`
--
ALTER TABLE `mulajims`
  MODIFY `id` bigint UNSIGNED NOT NULL AUTO_INCREMENT, AUTO_INCREMENT=14;

--
-- AUTO_INCREMENT for table `mulajim_groups`
--
ALTER TABLE `mulajim_groups`
  MODIFY `id` bigint UNSIGNED NOT NULL AUTO_INCREMENT, AUTO_INCREMENT=35;

--
-- AUTO_INCREMENT for table `mulajim_group_labours`
--
ALTER TABLE `mulajim_group_labours`
  MODIFY `id` bigint UNSIGNED NOT NULL AUTO_INCREMENT, AUTO_INCREMENT=91;

--
-- AUTO_INCREMENT for table `notifications`
--
ALTER TABLE `notifications`
  MODIFY `id` bigint UNSIGNED NOT NULL AUTO_INCREMENT, AUTO_INCREMENT=552;

--
-- AUTO_INCREMENT for table `orders`
--
ALTER TABLE `orders`
  MODIFY `id` bigint UNSIGNED NOT NULL AUTO_INCREMENT, AUTO_INCREMENT=96;

--
-- AUTO_INCREMENT for table `order_accepted_distances`
--
ALTER TABLE `order_accepted_distances`
  MODIFY `id` bigint UNSIGNED NOT NULL AUTO_INCREMENT, AUTO_INCREMENT=117;

--
-- AUTO_INCREMENT for table `order_accept_logs`
--
ALTER TABLE `order_accept_logs`
  MODIFY `id` bigint UNSIGNED NOT NULL AUTO_INCREMENT, AUTO_INCREMENT=78;

--
-- AUTO_INCREMENT for table `order_containers`
--
ALTER TABLE `order_containers`
  MODIFY `id` bigint UNSIGNED NOT NULL AUTO_INCREMENT, AUTO_INCREMENT=152;

--
-- AUTO_INCREMENT for table `order_log`
--
ALTER TABLE `order_log`
  MODIFY `id` int NOT NULL AUTO_INCREMENT, AUTO_INCREMENT=33;

--
-- AUTO_INCREMENT for table `order_mulajims`
--
ALTER TABLE `order_mulajims`
  MODIFY `id` bigint UNSIGNED NOT NULL AUTO_INCREMENT, AUTO_INCREMENT=4;

--
-- AUTO_INCREMENT for table `personal_access_tokens`
--
ALTER TABLE `personal_access_tokens`
  MODIFY `id` bigint UNSIGNED NOT NULL AUTO_INCREMENT, AUTO_INCREMENT=739;

--
-- AUTO_INCREMENT for table `settings`
--
ALTER TABLE `settings`
  MODIFY `id` bigint UNSIGNED NOT NULL AUTO_INCREMENT, AUTO_INCREMENT=76;

--
-- AUTO_INCREMENT for table `terms_privacies`
--
ALTER TABLE `terms_privacies`
  MODIFY `id` bigint UNSIGNED NOT NULL AUTO_INCREMENT, AUTO_INCREMENT=3;

--
-- AUTO_INCREMENT for table `types`
--
ALTER TABLE `types`
  MODIFY `id` bigint UNSIGNED NOT NULL AUTO_INCREMENT, AUTO_INCREMENT=7;

--
-- AUTO_INCREMENT for table `units`
--
ALTER TABLE `units`
  MODIFY `id` bigint UNSIGNED NOT NULL AUTO_INCREMENT, AUTO_INCREMENT=45;

--
-- AUTO_INCREMENT for table `users`
--
ALTER TABLE `users`
  MODIFY `id` bigint UNSIGNED NOT NULL AUTO_INCREMENT, AUTO_INCREMENT=67;

--
-- AUTO_INCREMENT for table `warehouses`
--
ALTER TABLE `warehouses`
  MODIFY `id` bigint UNSIGNED NOT NULL AUTO_INCREMENT, AUTO_INCREMENT=7;

--
-- AUTO_INCREMENT for table `work_types`
--
ALTER TABLE `work_types`
  MODIFY `id` bigint UNSIGNED NOT NULL AUTO_INCREMENT, AUTO_INCREMENT=3;

--
-- Constraints for dumped tables
--

--
-- Constraints for table `cargos`
--
ALTER TABLE `cargos`
  ADD CONSTRAINT `cargos_category_id_foreign` FOREIGN KEY (`category_id`) REFERENCES `categories` (`id`) ON DELETE CASCADE ON UPDATE CASCADE,
  ADD CONSTRAINT `cargos_type_id_foreign` FOREIGN KEY (`type_id`) REFERENCES `types` (`id`) ON DELETE CASCADE ON UPDATE CASCADE,
  ADD CONSTRAINT `cargos_unit_id_foreign` FOREIGN KEY (`unit_id`) REFERENCES `units` (`id`) ON DELETE CASCADE ON UPDATE CASCADE;

--
-- Constraints for table `companies`
--
ALTER TABLE `companies`
  ADD CONSTRAINT `companies_user_id_foreign` FOREIGN KEY (`user_id`) REFERENCES `users` (`id`) ON DELETE CASCADE ON UPDATE CASCADE;

--
-- Constraints for table `labours`
--
ALTER TABLE `labours`
  ADD CONSTRAINT `labours_mulajim_id_foreign` FOREIGN KEY (`mulajim_id`) REFERENCES `mulajims` (`id`) ON DELETE CASCADE ON UPDATE CASCADE;

--
-- Constraints for table `ledgers`
--
ALTER TABLE `ledgers`
  ADD CONSTRAINT `ledgers_account_id_foreign` FOREIGN KEY (`account_id`) REFERENCES `accounts` (`id`) ON DELETE CASCADE ON UPDATE CASCADE,
  ADD CONSTRAINT `ledgers_company_id_foreign` FOREIGN KEY (`company_id`) REFERENCES `companies` (`id`) ON DELETE CASCADE ON UPDATE CASCADE;

--
-- Constraints for table `mulajims`
--
ALTER TABLE `mulajims`
  ADD CONSTRAINT `mulajims_user_id_foreign` FOREIGN KEY (`user_id`) REFERENCES `users` (`id`) ON DELETE CASCADE ON UPDATE CASCADE;

--
-- Constraints for table `mulajim_groups`
--
ALTER TABLE `mulajim_groups`
  ADD CONSTRAINT `mulajim_groups_mulajim_id_foreign` FOREIGN KEY (`mulajim_id`) REFERENCES `mulajims` (`id`) ON DELETE CASCADE ON UPDATE CASCADE,
  ADD CONSTRAINT `mulajim_groups_user_id_foreign` FOREIGN KEY (`user_id`) REFERENCES `users` (`id`) ON DELETE CASCADE ON UPDATE CASCADE;

--
-- Constraints for table `mulajim_group_labours`
--
ALTER TABLE `mulajim_group_labours`
  ADD CONSTRAINT `mulajim_group_labours_labour_id_foreign` FOREIGN KEY (`labour_id`) REFERENCES `labours` (`id`) ON DELETE CASCADE ON UPDATE CASCADE,
  ADD CONSTRAINT `mulajim_group_labours_mulajim_group_id_foreign` FOREIGN KEY (`mulajim_group_id`) REFERENCES `mulajim_groups` (`id`) ON DELETE CASCADE ON UPDATE CASCADE;

--
-- Constraints for table `notifications`
--
ALTER TABLE `notifications`
  ADD CONSTRAINT `notifications_receiver_labor_id_foreign` FOREIGN KEY (`receiver_labor_id`) REFERENCES `labours` (`id`) ON DELETE CASCADE ON UPDATE CASCADE,
  ADD CONSTRAINT `notifications_receiver_mulajim_id_foreign` FOREIGN KEY (`receiver_mulajim_id`) REFERENCES `mulajims` (`id`) ON DELETE CASCADE ON UPDATE CASCADE,
  ADD CONSTRAINT `notifications_receiver_warehouse_id_foreign` FOREIGN KEY (`receiver_warehouse_id`) REFERENCES `warehouses` (`id`) ON DELETE CASCADE ON UPDATE CASCADE;

--
-- Constraints for table `orders`
--
ALTER TABLE `orders`
  ADD CONSTRAINT `orders_company_id_foreign` FOREIGN KEY (`company_id`) REFERENCES `companies` (`id`) ON DELETE CASCADE ON UPDATE CASCADE,
  ADD CONSTRAINT `orders_warehouse_id_foreign` FOREIGN KEY (`warehouse_id`) REFERENCES `warehouses` (`id`) ON DELETE CASCADE ON UPDATE CASCADE,
  ADD CONSTRAINT `orders_work_type_id_foreign` FOREIGN KEY (`work_type_id`) REFERENCES `work_types` (`id`) ON DELETE CASCADE ON UPDATE CASCADE;

--
-- Constraints for table `order_accepted_distances`
--
ALTER TABLE `order_accepted_distances`
  ADD CONSTRAINT `order_accepted_distances_labour_id_foreign` FOREIGN KEY (`labour_id`) REFERENCES `labours` (`id`) ON DELETE CASCADE ON UPDATE CASCADE,
  ADD CONSTRAINT `order_accepted_distances_mulajim_group_id_foreign` FOREIGN KEY (`mulajim_group_id`) REFERENCES `mulajim_groups` (`id`) ON DELETE CASCADE ON UPDATE CASCADE,
  ADD CONSTRAINT `order_accepted_distances_mulajim_id_foreign` FOREIGN KEY (`mulajim_id`) REFERENCES `mulajims` (`id`) ON DELETE CASCADE ON UPDATE CASCADE,
  ADD CONSTRAINT `order_accepted_distances_order_container_id_foreign` FOREIGN KEY (`order_container_id`) REFERENCES `order_containers` (`id`) ON DELETE CASCADE ON UPDATE CASCADE,
  ADD CONSTRAINT `order_accepted_distances_user_id_foreign` FOREIGN KEY (`user_id`) REFERENCES `users` (`id`) ON DELETE CASCADE ON UPDATE CASCADE;

--
-- Constraints for table `order_accept_logs`
--
ALTER TABLE `order_accept_logs`
  ADD CONSTRAINT `order_accept_logs_company_id_foreign` FOREIGN KEY (`company_id`) REFERENCES `companies` (`id`) ON DELETE CASCADE ON UPDATE CASCADE,
  ADD CONSTRAINT `order_accept_logs_labour_id_foreign` FOREIGN KEY (`labour_id`) REFERENCES `labours` (`id`) ON DELETE CASCADE ON UPDATE CASCADE,
  ADD CONSTRAINT `order_accept_logs_mulajim_group_id_foreign` FOREIGN KEY (`mulajim_group_id`) REFERENCES `mulajim_groups` (`id`) ON DELETE CASCADE ON UPDATE CASCADE,
  ADD CONSTRAINT `order_accept_logs_mulajim_id_foreign` FOREIGN KEY (`mulajim_id`) REFERENCES `mulajims` (`id`) ON DELETE CASCADE ON UPDATE CASCADE,
  ADD CONSTRAINT `order_accept_logs_order_container_id_foreign` FOREIGN KEY (`order_container_id`) REFERENCES `order_containers` (`id`) ON DELETE CASCADE ON UPDATE CASCADE,
  ADD CONSTRAINT `order_accept_logs_user_id_foreign` FOREIGN KEY (`user_id`) REFERENCES `users` (`id`) ON DELETE CASCADE ON UPDATE CASCADE;

--
-- Constraints for table `order_containers`
--
ALTER TABLE `order_containers`
  ADD CONSTRAINT `order_containers_cargo_id_foreign` FOREIGN KEY (`cargo_id`) REFERENCES `cargos` (`id`) ON DELETE CASCADE ON UPDATE CASCADE,
  ADD CONSTRAINT `order_containers_order_id_foreign` FOREIGN KEY (`order_id`) REFERENCES `orders` (`id`) ON DELETE CASCADE ON UPDATE CASCADE;

--
-- Constraints for table `order_mulajims`
--
ALTER TABLE `order_mulajims`
  ADD CONSTRAINT `order_mulajims_mulajim_id_foreign` FOREIGN KEY (`mulajim_id`) REFERENCES `mulajims` (`id`) ON DELETE CASCADE ON UPDATE CASCADE,
  ADD CONSTRAINT `order_mulajims_order_id_foreign` FOREIGN KEY (`order_id`) REFERENCES `orders` (`id`) ON DELETE CASCADE ON UPDATE CASCADE;
COMMIT;

